{"id":10238,"date":"2021-09-27T15:11:23","date_gmt":"2021-09-27T18:11:23","guid":{"rendered":"https:\/\/ieslvf-caba.infd.edu.ar\/sitio\/?page_id=10238"},"modified":"2026-04-09T17:31:42","modified_gmt":"2026-04-09T20:31:42","slug":"bibliotecas-2021-2","status":"publish","type":"page","link":"https:\/\/ieslvf-caba.infd.edu.ar\/sitio\/bibliotecas-2021-2\/","title":{"rendered":"Bibliotecas"},"content":{"rendered":"\n<div class=\"wp-block-cover alignwide is-position-center-center\" style=\"min-height:100px\"><span aria-hidden=\"true\" class=\"wp-block-cover__background has-background-dim-20 has-background-dim\"><\/span><img decoding=\"async\" loading=\"lazy\" width=\"640\" height=\"480\" class=\"wp-block-cover__image-background wp-image-2386\" alt=\"\" src=\"https:\/\/ieslvf-caba.infd.edu.ar\/sitio\/wp-content\/uploads\/2018\/08\/biblioteca_francesa_2.jpg\" style=\"object-position:47% 13%\" data-object-fit=\"cover\" data-object-position=\"47% 13%\"\/><div class=\"wp-block-cover__inner-container\">\n<p class=\"has-text-align-center has-text-color\" style=\"color:#fffffa;font-size:40px;line-height:1.1\"><strong>Bibliotecas<\/strong><\/p>\n<\/div><\/div>\n\n\n\n<p style=\"letter-spacing:1px\">El IESLV \u201cJuan R. Fern\u00e1ndez\u201d cuenta con un sistema de cinco bibliotecas en distintos idiomas: <strong><a rel=\"noreferrer noopener\" href=\"https:\/\/ieslvf-caba.infd.edu.ar\/sitio\/biblioteca-general\/\" target=\"_blank\">Biblioteca General \u201c\u00c1ngela Men\u00e9ndez\u201d<\/a> <\/strong>(castellano, ingl\u00e9s, portugu\u00e9s de Brasil, literatura en franc\u00e9s), <strong><a rel=\"noreferrer noopener\" href=\"https:\/\/ieslvf-caba.infd.edu.ar\/sitio\/biblioteca-francesa\/\" target=\"_blank\">Biblioteca de franc\u00e9s<\/a> <\/strong>(Biblioteca ling\u00fc\u00edstico-pedag\u00f3gico en franc\u00e9s),<strong> <a rel=\"noreferrer noopener\" href=\"https:\/\/ieslvf-caba.infd.edu.ar\/sitio\/biblioteca-alemana\/\" target=\"_blank\">Biblioteca de alem\u00e1n<\/a> <\/strong>(alem\u00e1n),<strong> <a href=\"https:\/\/ieslvf-caba.infd.edu.ar\/sitio\/camoes\/\" target=\"_blank\" rel=\"noreferrer noopener\">Biblioteca Instituto Cam\u00f5es<\/a> <\/strong>y<strong> <a href=\"https:\/\/ieslvf-caba.infd.edu.ar\/sitio\/biblioteca-infantil-2021\/\" target=\"_blank\" rel=\"noreferrer noopener\">Biblioteca Infantil \u201cLa Cueva de las Letras\u201d<\/a><\/strong>.<\/p>\n\n\n\n<p>Se listan a continuaci\u00f3n los contactos de cada Biblioteca para poder establecer comunicaci\u00f3n directa con cada una de ellas.<\/p>\n\n\n\n<ul>\n<li><strong>Biblioteca General \u00ab\u00c1ngela Men\u00e9ndez\u00bb<\/strong><\/li>\n<\/ul>\n\n\n\n<p>Responsables: Sonia Ianonne, Fernando Molle, Carolina Pitetti y Maricel Zelaray\u00e1n Fr\u00edas.<\/p>\n\n\n\n<p>Mail: <a href=\"mailto:bibliotecalenguasvivas@gmail.com\">bibliotecalenguasvivas@gmail.com<\/a><\/p>\n\n\n\n<p>Ig.: @biblioteca.ieslv.jrf<\/p>\n\n\n\n<ul>\n<li><strong>Biblioteca de alem\u00e1n<\/strong><\/li>\n<\/ul>\n\n\n\n<p>Responsables: Carolina D. Pitetti y Cynthia Cortes Pe\u00f1a<\/p>\n\n\n\n<p>Mail: <a href=\"mailto:biblioteca35aleman@gmail.com\">biblioteca35aleman@gmail.com<\/a><\/p>\n\n\n\n<p>Ig.: @biblioteca.aleman.ieslvjrf<\/p>\n\n\n\n<ul>\n<li><strong>Biblioteca de franc\u00e9s<\/strong><\/li>\n<\/ul>\n\n\n\n<p>Responsables: Victoria Cozzo y Silvina Slepoy<\/p>\n\n\n\n<p>Mails: bibliotecafrancesa@gmail.com\/ mvictoria.cozzo@bue.edu.ar \/ silslepoy@gmail.com<\/p>\n\n\n\n<p>Ig.: @bibliotecafrancesalv<\/p>\n\n\n\n<ul>\n<li><strong>Biblioteca de Portugu\u00e9s (Centro de L\u00edngua Portuguesa \u2013 Cam\u00f5es, IP)<\/strong><\/li>\n<\/ul>\n\n\n\n<p>Responsables: Isabel Gaspar \/ &nbsp;Yasmine Riggio \/ Marcela Vanini<\/p>\n\n\n\n<p>Mail: <a href=\"mailto:camoesclp.argentina@gmail.com\">camoesclp.argentina@gmail.com<\/a><\/p>\n\n\n\n<ul>\n<li><strong>Biblioteca Triling\u00fce \u201cLa Cueva de las Letras\u201d<\/strong><\/li>\n<\/ul>\n\n\n\n<p>Responsable: Silvina Poveda<\/p>\n\n\n\n<p>Mail: silvipoveda@hotmail.com<\/p>\n\n\n\n<p><\/p>\n\n\n\n<div class=\"alignnormal\"><div id=\"metaslider-id-18855\" style=\"width: 100%;\" class=\"ml-slider-3-33-0 metaslider metaslider-flex metaslider-18855 ml-slider ms-theme-default\" role=\"region\" aria-roledescription=\"Slideshow\" aria-label=\"Slideshow\">\n    <div id=\"metaslider_container_18855\">\n        <div id=\"metaslider_18855\" class=\"flexslider\">\n            <ul aria-live=\"polite\" class=\"slides\">\n                <li style=\"display: block; width: 100%;\" class=\"slide-18880 ms-image\" aria-roledescription=\"slide\" aria-label=\"slide-18880\"><img src=\"https:\/\/ieslvf-caba.infd.edu.ar\/sitio\/wp-content\/uploads\/2024\/10\/BIBLIOTECAS-2-800x600.jpg\" height=\"600\" width=\"800\" alt=\"\" class=\"slider-18855 slide-18880\" title=\"BIBLIOTECAS\" \/><\/li>\n                <li style=\"display: none; width: 100%;\" class=\"slide-18881 ms-image\" aria-roledescription=\"slide\" aria-label=\"slide-18881\"><img src=\"https:\/\/ieslvf-caba.infd.edu.ar\/sitio\/wp-content\/uploads\/2024\/10\/BIBLIOTECAS-4-800x600.jpg\" height=\"600\" width=\"800\" alt=\"\" class=\"slider-18855 slide-18881\" title=\"BIBLIOTECAS-4\" \/><\/li>\n                <li style=\"display: none; width: 100%;\" class=\"slide-18882 ms-image\" aria-roledescription=\"slide\" aria-label=\"slide-18882\"><img src=\"https:\/\/ieslvf-caba.infd.edu.ar\/sitio\/wp-content\/uploads\/2024\/10\/BIBLIOTECAS-5-800x600.jpg\" height=\"600\" width=\"800\" alt=\"\" class=\"slider-18855 slide-18882\" title=\"BIBLIOTECAS-5\" \/><\/li>\n                <li style=\"display: none; width: 100%;\" class=\"slide-18883 ms-image\" aria-roledescription=\"slide\" aria-label=\"slide-18883\"><img src=\"https:\/\/ieslvf-caba.infd.edu.ar\/sitio\/wp-content\/uploads\/2024\/10\/BIBLIOTECAS-6-800x600.jpg\" height=\"600\" width=\"800\" alt=\"\" class=\"slider-18855 slide-18883\" title=\"BIBLIOTECAS-6\" \/><\/li>\n                <li style=\"display: none; width: 100%;\" class=\"slide-18884 ms-image\" aria-roledescription=\"slide\" aria-label=\"slide-18884\"><img src=\"https:\/\/ieslvf-caba.infd.edu.ar\/sitio\/wp-content\/uploads\/2024\/10\/BIBLIOTECAS-7-800x600.jpg\" height=\"600\" width=\"800\" alt=\"\" class=\"slider-18855 slide-18884\" title=\"BIBLIOTECAS-7\" \/><\/li>\n                <li style=\"display: none; width: 100%;\" class=\"slide-18885 ms-image\" aria-roledescription=\"slide\" aria-label=\"slide-18885\"><img src=\"https:\/\/ieslvf-caba.infd.edu.ar\/sitio\/wp-content\/uploads\/2024\/10\/BIBLIOTECAS-8-800x600.jpg\" height=\"600\" width=\"800\" alt=\"\" class=\"slider-18855 slide-18885\" title=\"BIBLIOTECAS-8\" \/><\/li>\n                <li style=\"display: none; width: 100%;\" class=\"slide-18886 ms-image\" aria-roledescription=\"slide\" aria-label=\"slide-18886\"><img src=\"https:\/\/ieslvf-caba.infd.edu.ar\/sitio\/wp-content\/uploads\/2024\/10\/BIBLIOTECAS-9-800x600.jpg\" height=\"600\" width=\"800\" alt=\"\" class=\"slider-18855 slide-18886\" title=\"BIBLIOTECAS-9\" \/><\/li>\n                <li style=\"display: none; width: 100%;\" class=\"slide-18887 ms-image\" aria-roledescription=\"slide\" aria-label=\"slide-18887\"><img src=\"https:\/\/ieslvf-caba.infd.edu.ar\/sitio\/wp-content\/uploads\/2024\/10\/BIBLIOTECAS-10-800x600.jpg\" height=\"600\" width=\"800\" alt=\"\" class=\"slider-18855 slide-18887\" title=\"BIBLIOTECAS-10\" \/><\/li>\n                <li style=\"display: none; width: 100%;\" class=\"slide-18888 ms-image\" aria-roledescription=\"slide\" aria-label=\"slide-18888\"><img src=\"https:\/\/ieslvf-caba.infd.edu.ar\/sitio\/wp-content\/uploads\/2024\/10\/BIBLIOTECAS-11-800x600.jpg\" height=\"600\" width=\"800\" alt=\"\" class=\"slider-18855 slide-18888\" title=\"BIBLIOTECAS-11\" \/><\/li>\n                <li style=\"display: none; width: 100%;\" class=\"slide-18889 ms-image\" aria-roledescription=\"slide\" aria-label=\"slide-18889\"><img src=\"https:\/\/ieslvf-caba.infd.edu.ar\/sitio\/wp-content\/uploads\/2024\/10\/BIBLIOTECAS-14-800x600.jpg\" height=\"600\" width=\"800\" alt=\"\" class=\"slider-18855 slide-18889\" title=\"BIBLIOTECAS-14\" \/><\/li>\n                <li style=\"display: none; width: 100%;\" class=\"slide-18890 ms-image\" aria-roledescription=\"slide\" aria-label=\"slide-18890\"><img src=\"https:\/\/ieslvf-caba.infd.edu.ar\/sitio\/wp-content\/uploads\/2024\/10\/BIBLIOTECAS-16-800x600.jpg\" height=\"600\" width=\"800\" alt=\"\" class=\"slider-18855 slide-18890\" title=\"BIBLIOTECAS-16\" \/><\/li>\n                <li style=\"display: none; width: 100%;\" class=\"slide-18891 ms-image\" aria-roledescription=\"slide\" aria-label=\"slide-18891\"><img src=\"https:\/\/ieslvf-caba.infd.edu.ar\/sitio\/wp-content\/uploads\/2024\/10\/BIBLIOTECAS-17-800x600.jpg\" height=\"600\" width=\"800\" alt=\"\" class=\"slider-18855 slide-18891\" title=\"BIBLIOTECAS-17\" \/><\/li>\n                <li style=\"display: none; width: 100%;\" class=\"slide-18892 ms-image\" aria-roledescription=\"slide\" aria-label=\"slide-18892\"><img src=\"https:\/\/ieslvf-caba.infd.edu.ar\/sitio\/wp-content\/uploads\/2024\/10\/BIBLIOTECAS-18-800x600.jpg\" height=\"600\" width=\"800\" alt=\"\" class=\"slider-18855 slide-18892\" title=\"BIBLIOTECAS-18\" \/><\/li>\n                <li style=\"display: none; width: 100%;\" class=\"slide-18893 ms-image\" aria-roledescription=\"slide\" aria-label=\"slide-18893\"><img src=\"https:\/\/ieslvf-caba.infd.edu.ar\/sitio\/wp-content\/uploads\/2024\/10\/BIBLIOTECAS-19-800x600.jpg\" height=\"600\" width=\"800\" alt=\"\" class=\"slider-18855 slide-18893\" title=\"BIBLIOTECAS-19\" \/><\/li>\n                <li style=\"display: none; width: 100%;\" class=\"slide-18894 ms-image\" aria-roledescription=\"slide\" aria-label=\"slide-18894\"><img src=\"https:\/\/ieslvf-caba.infd.edu.ar\/sitio\/wp-content\/uploads\/2024\/10\/BIBLIOTECAS-22-800x600.jpg\" height=\"600\" width=\"800\" alt=\"\" class=\"slider-18855 slide-18894\" title=\"BIBLIOTECAS-22\" \/><\/li>\n                <li style=\"display: none; width: 100%;\" class=\"slide-18895 ms-image\" aria-roledescription=\"slide\" aria-label=\"slide-18895\"><img src=\"https:\/\/ieslvf-caba.infd.edu.ar\/sitio\/wp-content\/uploads\/2024\/10\/BIBLIOTECAS-24-800x600.jpg\" height=\"600\" width=\"800\" alt=\"\" class=\"slider-18855 slide-18895\" title=\"BIBLIOTECAS-24\" \/><\/li>\n                <li style=\"display: none; width: 100%;\" class=\"slide-18896 ms-image\" aria-roledescription=\"slide\" aria-label=\"slide-18896\"><img src=\"https:\/\/ieslvf-caba.infd.edu.ar\/sitio\/wp-content\/uploads\/2024\/10\/BIBLIOTECAS-25-800x600.jpg\" height=\"600\" width=\"800\" alt=\"\" class=\"slider-18855 slide-18896\" title=\"BIBLIOTECAS-25\" \/><\/li>\n                <li style=\"display: none; width: 100%;\" class=\"slide-18897 ms-image\" aria-roledescription=\"slide\" aria-label=\"slide-18897\"><img src=\"https:\/\/ieslvf-caba.infd.edu.ar\/sitio\/wp-content\/uploads\/2024\/10\/BIBLIOTECAS-26-800x600.jpg\" height=\"600\" width=\"800\" alt=\"\" class=\"slider-18855 slide-18897\" title=\"BIBLIOTECAS-26\" \/><\/li>\n                <li style=\"display: none; width: 100%;\" class=\"slide-18898 ms-image\" aria-roledescription=\"slide\" aria-label=\"slide-18898\"><img src=\"https:\/\/ieslvf-caba.infd.edu.ar\/sitio\/wp-content\/uploads\/2024\/10\/BIBLIOTECAS-29-800x600.jpg\" height=\"600\" width=\"800\" alt=\"\" class=\"slider-18855 slide-18898\" title=\"BIBLIOTECAS-29\" \/><\/li>\n                <li style=\"display: none; width: 100%;\" class=\"slide-18899 ms-image\" aria-roledescription=\"slide\" aria-label=\"slide-18899\"><img src=\"https:\/\/ieslvf-caba.infd.edu.ar\/sitio\/wp-content\/uploads\/2024\/10\/BIBLIOTECAS-33-800x600.jpg\" height=\"600\" width=\"800\" alt=\"\" class=\"slider-18855 slide-18899\" title=\"BIBLIOTECAS-33\" \/><\/li>\n            <\/ul>\n        <\/div>\n        \n    <\/div>\n<\/div><\/div>\n","protected":false},"excerpt":{"rendered":"<p>El IESLV \u201cJuan R. Fern\u00e1ndez\u201d cuenta con un sistema de cinco bibliotecas en distintos idiomas: Biblioteca General \u201c\u00c1ngela Men\u00e9ndez\u201d (castellano, ingl\u00e9s, portugu\u00e9s de Brasil, literatura en franc\u00e9s), Biblioteca de franc\u00e9s (Biblioteca ling\u00fc\u00edstico-pedag\u00f3gico en franc\u00e9s), Biblioteca de alem\u00e1n (alem\u00e1n), Biblioteca Instituto Cam\u00f5es y Biblioteca Infantil \u201cLa Cueva de las Letras\u201d. Se listan a continuaci\u00f3n los contactos &#8230; <a title=\"Bibliotecas\" class=\"read-more\" href=\"https:\/\/ieslvf-caba.infd.edu.ar\/sitio\/bibliotecas-2021-2\/\" aria-label=\"More on Bibliotecas\">[+]<\/a><\/p>\n","protected":false},"author":2415,"featured_media":0,"parent":0,"menu_order":0,"comment_status":"closed","ping_status":"closed","template":"","meta":[],"acf":[],"_links":{"self":[{"href":"https:\/\/ieslvf-caba.infd.edu.ar\/sitio\/wp-json\/wp\/v2\/pages\/10238"}],"collection":[{"href":"https:\/\/ieslvf-caba.infd.edu.ar\/sitio\/wp-json\/wp\/v2\/pages"}],"about":[{"href":"https:\/\/ieslvf-caba.infd.edu.ar\/sitio\/wp-json\/wp\/v2\/types\/page"}],"author":[{"embeddable":true,"href":"https:\/\/ieslvf-caba.infd.edu.ar\/sitio\/wp-json\/wp\/v2\/users\/2415"}],"replies":[{"embeddable":true,"href":"https:\/\/ieslvf-caba.infd.edu.ar\/sitio\/wp-json\/wp\/v2\/comments?post=10238"}],"version-history":[{"count":45,"href":"https:\/\/ieslvf-caba.infd.edu.ar\/sitio\/wp-json\/wp\/v2\/pages\/10238\/revisions"}],"predecessor-version":[{"id":21515,"href":"https:\/\/ieslvf-caba.infd.edu.ar\/sitio\/wp-json\/wp\/v2\/pages\/10238\/revisions\/21515"}],"wp:attachment":[{"href":"https:\/\/ieslvf-caba.infd.edu.ar\/sitio\/wp-json\/wp\/v2\/media?parent=10238"}],"curies":[{"name":"wp","href":"https:\/\/api.w.org\/{rel}","templated":true}]}}