{"id":10451,"date":"2021-09-30T10:30:52","date_gmt":"2021-09-30T13:30:52","guid":{"rendered":"https:\/\/ieslvf-caba.infd.edu.ar\/sitio\/?page_id=10451"},"modified":"2023-03-15T15:44:53","modified_gmt":"2023-03-15T18:44:53","slug":"contacto-2021","status":"publish","type":"page","link":"https:\/\/ieslvf-caba.infd.edu.ar\/sitio\/contacto-2021\/","title":{"rendered":"Contacto"},"content":{"rendered":"\n<div class=\"wp-block-cover alignwide is-light is-position-center-center\" style=\"min-height:100px\"><span aria-hidden=\"true\" class=\"wp-block-cover__background has-background-dim-20 has-background-dim\"><\/span><img decoding=\"async\" loading=\"lazy\" width=\"702\" height=\"336\" class=\"wp-block-cover__image-background wp-image-10455\" alt=\"\" src=\"https:\/\/ieslvf-caba.infd.edu.ar\/sitio\/wp-content\/uploads\/2021\/09\/contacto.jpg\" style=\"object-position:46% 59%\" data-object-fit=\"cover\" data-object-position=\"46% 59%\"\/><div class=\"wp-block-cover__inner-container\">\n<p class=\"has-text-align-center has-text-color\" style=\"color:#fffffa;font-size:40px;line-height:1.1\"><strong>Contacto<\/strong><\/p>\n<\/div><\/div>\n\n\n\n<p><strong>COMUNICATE CON EL LENGUAS<\/strong><\/p>\n\n\n\n<p><em>Pod\u00e9s enviarnos tus consultas a trav\u00e9s del correo electr\u00f3nico&nbsp;<a href=\"mailto:gi.ieslvjrf@gmail.com\" target=\"_blank\" rel=\"noreferrer noopener\">gi.ieslvjrf@gmail.com<\/a>&nbsp;indicando el tema en el asunto. Nosotros te responderemos a la brevedad.&nbsp;<\/em><\/p>\n","protected":false},"excerpt":{"rendered":"<p>COMUNICATE CON EL LENGUAS Pod\u00e9s enviarnos tus consultas a trav\u00e9s del correo electr\u00f3nico&nbsp;gi.ieslvjrf@gmail.com&nbsp;indicando el tema en el asunto. Nosotros te responderemos a la brevedad.&nbsp;<\/p>\n","protected":false},"author":2415,"featured_media":0,"parent":0,"menu_order":0,"comment_status":"closed","ping_status":"closed","template":"","meta":[],"acf":[],"_links":{"self":[{"href":"https:\/\/ieslvf-caba.infd.edu.ar\/sitio\/wp-json\/wp\/v2\/pages\/10451"}],"collection":[{"href":"https:\/\/ieslvf-caba.infd.edu.ar\/sitio\/wp-json\/wp\/v2\/pages"}],"about":[{"href":"https:\/\/ieslvf-caba.infd.edu.ar\/sitio\/wp-json\/wp\/v2\/types\/page"}],"author":[{"embeddable":true,"href":"https:\/\/ieslvf-caba.infd.edu.ar\/sitio\/wp-json\/wp\/v2\/users\/2415"}],"replies":[{"embeddable":true,"href":"https:\/\/ieslvf-caba.infd.edu.ar\/sitio\/wp-json\/wp\/v2\/comments?post=10451"}],"version-history":[{"count":3,"href":"https:\/\/ieslvf-caba.infd.edu.ar\/sitio\/wp-json\/wp\/v2\/pages\/10451\/revisions"}],"predecessor-version":[{"id":14682,"href":"https:\/\/ieslvf-caba.infd.edu.ar\/sitio\/wp-json\/wp\/v2\/pages\/10451\/revisions\/14682"}],"wp:attachment":[{"href":"https:\/\/ieslvf-caba.infd.edu.ar\/sitio\/wp-json\/wp\/v2\/media?parent=10451"}],"curies":[{"name":"wp","href":"https:\/\/api.w.org\/{rel}","templated":true}]}}