{"id":10503,"date":"2021-09-30T12:48:52","date_gmt":"2021-09-30T15:48:52","guid":{"rendered":"https:\/\/ieslvf-caba.infd.edu.ar\/sitio\/?page_id=10503"},"modified":"2022-09-22T10:28:15","modified_gmt":"2022-09-22T13:28:15","slug":"ateneo-permanente-de-problemas-de-la-practica-docente","status":"publish","type":"page","link":"https:\/\/ieslvf-caba.infd.edu.ar\/sitio\/ateneo-permanente-de-problemas-de-la-practica-docente\/","title":{"rendered":"Ateneo Permanente de problemas de la pr\u00e1ctica docente 2021"},"content":{"rendered":"\n<div class=\"wp-block-cover alignwide has-background-dim-20 has-background-dim is-position-center-center\" style=\"min-height:100px\"><img decoding=\"async\" loading=\"lazy\" width=\"2247\" height=\"1498\" class=\"wp-block-cover__image-background wp-image-10635\" alt=\"\" src=\"https:\/\/ieslvf-caba.infd.edu.ar\/sitio\/wp-content\/uploads\/2021\/10\/pile-of-colorful-magazines-on-table.jpg\" style=\"object-position:40% 26%\" data-object-fit=\"cover\" data-object-position=\"40% 26%\" srcset=\"https:\/\/ieslvf-caba.infd.edu.ar\/sitio\/wp-content\/uploads\/2021\/10\/pile-of-colorful-magazines-on-table.jpg 2247w, https:\/\/ieslvf-caba.infd.edu.ar\/sitio\/wp-content\/uploads\/2021\/10\/pile-of-colorful-magazines-on-table-1000x667.jpg 1000w, https:\/\/ieslvf-caba.infd.edu.ar\/sitio\/wp-content\/uploads\/2021\/10\/pile-of-colorful-magazines-on-table-1900x1267.jpg 1900w, https:\/\/ieslvf-caba.infd.edu.ar\/sitio\/wp-content\/uploads\/2021\/10\/pile-of-colorful-magazines-on-table-768x512.jpg 768w, https:\/\/ieslvf-caba.infd.edu.ar\/sitio\/wp-content\/uploads\/2021\/10\/pile-of-colorful-magazines-on-table-1536x1024.jpg 1536w, https:\/\/ieslvf-caba.infd.edu.ar\/sitio\/wp-content\/uploads\/2021\/10\/pile-of-colorful-magazines-on-table-2048x1365.jpg 2048w\" sizes=\"(max-width: 2247px) 100vw, 2247px\" \/><div class=\"wp-block-cover__inner-container\">\n<p class=\"has-text-align-center has-text-color\" style=\"color:#fffffa;font-size:40px;line-height:1.1\"><strong>Ateneo Permanente de problemas de la pr\u00e1ctica docente <\/strong><\/p>\n<\/div><\/div>\n\n\n\n<figure class=\"wp-block-image\"><img decoding=\"async\" src=\"https:\/\/ieslvf-caba.infd.edu.ar\/sitio\/wp-content\/uploads\/2018\/08\/Logo_Ateneo_permanente.jpg\" alt=\"Logo Ateneo permanente\" title=\"Logo Ateneo permanente\"\/><\/figure>\n\n\n\n<p class=\"has-medium-font-size\"><strong>En homenaje al profesor <a href=\"http:\/\/www.jorgemedinaeducacionpsicodrama.blogspot.com\/\" data-type=\"URL\" data-id=\"http:\/\/www.jorgemedinaeducacionpsicodrama.blogspot.com\/\" target=\"_blank\" rel=\"noreferrer noopener\">Jorge Medina<\/a> mantenemos activa esta p\u00e1gina, aunque este Ateneo, por el momento, no se encuentra en actividad.<\/strong><\/p>\n\n\n\n<p><\/p>\n\n\n\n<p>Nos complace comunicar que el Ateneo Permanente de Problemas de la Pr\u00e1ctica Docente, espacio que funciona en nuestra instituci\u00f3n desde el a\u00f1o 2012, ha sido distinguido con el <a href=\"http:\/\/www.pasem.org\/es\/concurso\/\">Premio Internacional&nbsp;Paulo Freire en el 1\u00ba Concurso de Experiencias innovadoras en la Formaci\u00f3n Docente<\/a>,&nbsp;organizado por el PASEM (Programa de Apoyo&nbsp;al Sector Educativo del MERCOSUR) Este premio significar\u00e1 apoyo econ\u00f3mico al Instituto para materiales did\u00e1cticos y\/o bibliogr\u00e1ficos y la participaci\u00f3n del Ateneo en un Seminario Regional.<br>A todo el equipo nuestras felicitaciones.<\/p>\n\n\n\n<p>El <strong><em>Ateneo Permanente de abordaje de problemas y conflictos de la pr\u00e1ctica real de los docentes <\/em><\/strong>es un espacio de encuentro y trabajo entre docentes, alumnos y graduados de la instituci\u00f3n para el an\u00e1lisis e indagaci\u00f3n sobre las problem\u00e1ticas de la pr\u00e1ctica a partir del trabajo con t\u00e9cnicas psicodram\u00e1ticas, l\u00fadicas y expresivas. Se trata de un modelo grupal de capacitaci\u00f3n docente que articula la triple relaci\u00f3n entre la pr\u00e1ctica real, la reflexi\u00f3n elaborativa sobre estas pr\u00e1cticas y los proyectos de acci\u00f3n en diferentes contextos de ense\u00f1anza.<\/p>\n\n\n\n<p><strong>\u00bfC\u00f3mo surge el proyecto?<\/strong><\/p>\n\n\n\n<p>El <strong><em>Ateneo <\/em><\/strong>fue creado en abril de 2012. El profesor Jorge Medina &#8211; quien&nbsp; lo dise\u00f1\u00f3 y dirige-&nbsp; recoge su experiencia del proyecto de investigaci\u00f3n \u201cEl abordaje psicodram\u00e1tico-expresivo como dispositivo de formaci\u00f3n docente y como elaboraci\u00f3n de representaciones, im\u00e1genes y concepciones sobre las pr\u00e1cticas de ense\u00f1anza en lengua extranjera\u201d, que desarroll\u00f3 en nuestra instituci\u00f3n entre los a\u00f1os 2006 y 2009, y&nbsp; sintetiza , a su vez, experiencias anteriores. La riqueza y el significativo impacto del trabajo realizado en el marco de la investigaci\u00f3n, llevaron a esta propuesta de un programa integrador que pudiera recoger esas valiosas experiencias de aprendizaje para generar una instancia innovadora de capacitaci\u00f3n y perfeccionamiento docente.<\/p>\n\n\n\n<p><strong>\u00bfQui\u00e9nes forman el <em>Ateneo<\/em>?<\/strong><\/p>\n\n\n\n<p>En principio, el equipo de trabajo fundador est\u00e1 coordinado por el profesor Jorge Medina y estuvo fundado inicialmente por dos docentes en ejercicio de profesorados de la instituci\u00f3n, las profesoras Miriam Bogossian y Paula L\u00f3pez Cano, dos docentes graduadas, las profesoras Malena Accomazzo Scotti y Mariana Goldman y dos estudiantes de carreras de profesorado, Luc\u00eda Gala Corona Mart\u00ednez y Marcia Serino. Luego se han ido integrando nuevos asistentes que siguen renovando el espacio.<\/p>\n\n\n\n<p><strong>Nuestra misi\u00f3n<\/strong><\/p>\n\n\n\n<p>El <strong><em>Ateneo <\/em><\/strong>aspira a constituirse como un servicio al conjunto de la comunidad del Lenguas Vivas y ser\u00e1 progresivamente abierto a todo el que est\u00e9 potencialmente interesado, aunque focalizar\u00e1 prioritariamente sus acciones en los docentes en ejercicio, estudiantes de profesorado en situaci\u00f3n de docencia y graduados de profesorados en lengua extranjera. Nuestra meta es construir un espacio de di\u00e1logo y co-pensamiento entre todos los docentes involucrados para consolidar v\u00ednculos intra e inter institucionales y tejer entramados de apoyo en nuestra labor docente.<\/p>\n\n\n\n<p><strong>Nuestras actividades<\/strong><\/p>\n\n\n\n<p>Los integrantes del <strong><em>Ateneo <\/em><\/strong>nos reunimos regularmente todos los jueves para emprender tareas de tipo anal\u00edtico-reflexivo y trabajar escenas de la pr\u00e1ctica real tra\u00eddas por los participantes mediante t\u00e9cnicas psicodram\u00e1ticas, l\u00fadicas y expresivas. Nuestro prop\u00f3sito es indagar, vivenciar para conceptualizar, reflexionar y plasmar aprendizajes en un registro sistem\u00e1tico de lo vivenciado para luego compartir y socializar el conocimiento producido.&nbsp;<\/p>\n\n\n\n<p><em><strong>Para m\u00e1s informaci\u00f3n, invitamos a conocer nuestro blog:<\/strong><\/em> <a href=\"http:\/\/www.ateneodocentelv.blogspot.com.ar\/\" target=\"_blank\" rel=\"noreferrer noopener\">http:\/\/www.ateneodocentelv.blogspot.com.ar\/<\/a><\/p>\n\n\n\n<p><strong>y nuestro facebook:<\/strong><\/p>\n\n\n\n<p><a href=\"https:\/\/www.facebook.com\/ateneodocentelv?ref=aymt_homepage_panel\">https:\/\/www.facebook.com\/ateneodocentelv?ref=aymt_homepage_panel<\/a><\/p>\n\n\n\n<p><strong><em>Para comunicarse con nosotros, la direcci\u00f3n del Ateneo es <a href=\"mailto:ateneodocentelv@gmail.com\">ateneodocentelv@gmail.com<\/a><\/em><\/strong><\/p>\n\n\n\n<p><strong><em>Para conocer sobre las actividades, los invitamos a ver este video:<\/em><\/strong><\/p>\n\n\n\n<p><strong><em>Nuevo video:<\/em><\/strong><\/p>\n\n\n\n<p><strong><em><a href=\"https:\/\/www.youtube.com\/watch?v=2hH9b4w20Dw&amp;feature=share\" target=\"_blank\" rel=\"noreferrer noopener\">Ateneo Docente: Re-uniendo al Homo Sapiens y al Homo Ludens&nbsp;<\/a><\/em><\/strong><\/p>\n\n\n\n<p><strong><em>Video&nbsp;sobre el&nbsp;Ateneo: <a href=\"http:\/\/vimeo.com\/81944287\" target=\"_blank\" rel=\"noreferrer noopener\">http:\/\/vimeo.com\/81944287<\/a><\/em><\/strong><\/p>\n\n\n\n<p><strong><em>Los invitamos a leer nuestra publicaci\u00f3n:<\/em><\/strong> E-book del Ateneo: <a href=\"http:\/\/es.calameo.com\/read\/003033775f458a3cc04f3\" target=\"_blank\" rel=\"noreferrer noopener\">http:\/\/es.calameo.com\/read\/003033775f458a3cc04f3<\/a><\/p>\n","protected":false},"excerpt":{"rendered":"<p>En homenaje al profesor Jorge Medina mantenemos activa esta p\u00e1gina, aunque este Ateneo, por el momento, no se encuentra en actividad. Nos complace comunicar que el Ateneo Permanente de Problemas de la Pr\u00e1ctica Docente, espacio que funciona en nuestra instituci\u00f3n desde el a\u00f1o 2012, ha sido distinguido con el Premio Internacional&nbsp;Paulo Freire en el 1\u00ba &#8230; <a title=\"Ateneo Permanente de problemas de la pr\u00e1ctica docente 2021\" class=\"read-more\" href=\"https:\/\/ieslvf-caba.infd.edu.ar\/sitio\/ateneo-permanente-de-problemas-de-la-practica-docente\/\" aria-label=\"More on Ateneo Permanente de problemas de la pr\u00e1ctica docente 2021\">[+]<\/a><\/p>\n","protected":false},"author":2415,"featured_media":0,"parent":0,"menu_order":0,"comment_status":"closed","ping_status":"closed","template":"","meta":[],"acf":[],"_links":{"self":[{"href":"https:\/\/ieslvf-caba.infd.edu.ar\/sitio\/wp-json\/wp\/v2\/pages\/10503"}],"collection":[{"href":"https:\/\/ieslvf-caba.infd.edu.ar\/sitio\/wp-json\/wp\/v2\/pages"}],"about":[{"href":"https:\/\/ieslvf-caba.infd.edu.ar\/sitio\/wp-json\/wp\/v2\/types\/page"}],"author":[{"embeddable":true,"href":"https:\/\/ieslvf-caba.infd.edu.ar\/sitio\/wp-json\/wp\/v2\/users\/2415"}],"replies":[{"embeddable":true,"href":"https:\/\/ieslvf-caba.infd.edu.ar\/sitio\/wp-json\/wp\/v2\/comments?post=10503"}],"version-history":[{"count":6,"href":"https:\/\/ieslvf-caba.infd.edu.ar\/sitio\/wp-json\/wp\/v2\/pages\/10503\/revisions"}],"predecessor-version":[{"id":13943,"href":"https:\/\/ieslvf-caba.infd.edu.ar\/sitio\/wp-json\/wp\/v2\/pages\/10503\/revisions\/13943"}],"wp:attachment":[{"href":"https:\/\/ieslvf-caba.infd.edu.ar\/sitio\/wp-json\/wp\/v2\/media?parent=10503"}],"curies":[{"name":"wp","href":"https:\/\/api.w.org\/{rel}","templated":true}]}}