{"id":10607,"date":"2021-09-30T17:58:54","date_gmt":"2021-09-30T20:58:54","guid":{"rendered":"https:\/\/ieslvf-caba.infd.edu.ar\/sitio\/?page_id=10607"},"modified":"2021-10-27T15:33:07","modified_gmt":"2021-10-27T18:33:07","slug":"programas-vigentes-2021-nivel-medio-2021","status":"publish","type":"page","link":"https:\/\/ieslvf-caba.infd.edu.ar\/sitio\/programas-vigentes-2021-nivel-medio-2021\/","title":{"rendered":"Programas vigentes 2021 &#8211; Nivel Medio (2021)"},"content":{"rendered":"\n<div class=\"wp-block-cover alignwide has-background-dim-20 has-background-dim is-position-center-center\" style=\"min-height:100px\"><img decoding=\"async\" loading=\"lazy\" width=\"1000\" height=\"667\" class=\"wp-block-cover__image-background wp-image-10608\" alt=\"\" src=\"https:\/\/ieslvf-caba.infd.edu.ar\/sitio\/wp-content\/uploads\/2021\/09\/pexels-lumn-167682.jpg\" style=\"object-position:50% 69%\" data-object-fit=\"cover\" data-object-position=\"50% 69%\" srcset=\"https:\/\/ieslvf-caba.infd.edu.ar\/sitio\/wp-content\/uploads\/2021\/09\/pexels-lumn-167682.jpg 1000w, https:\/\/ieslvf-caba.infd.edu.ar\/sitio\/wp-content\/uploads\/2021\/09\/pexels-lumn-167682-768x512.jpg 768w\" sizes=\"(max-width: 1000px) 100vw, 1000px\" \/><div class=\"wp-block-cover__inner-container\">\n<p class=\"has-text-align-center has-text-color\" style=\"color:#fffffa;font-size:40px;line-height:1.1\"><strong>Programas vigentes 2021<\/strong><\/p>\n<\/div><\/div>\n\n\n\n<p><\/p>\n\n\n\n<p class=\"has-text-align-center\"><span style=\"color:#0c02a2\" class=\"has-inline-color\"><strong>CICLO DE FORMACI\u00d3N GENERAL NUEVA ESCUELA SECUNDARIA<\/strong><\/span><\/p>\n\n\n\n<p><span style=\"color:#0300a3\" class=\"has-inline-color\">1ER A\u00d1O<\/span><\/p>\n\n\n\n<div class=\"wp-block-columns is-layout-flex wp-container-2\">\n<div class=\"wp-block-column is-layout-flow\" style=\"flex-basis:100%\">\n<figure class=\"wp-block-table alignleft\"><table><tbody><tr><td><\/td><td><\/td><td><\/td><td><\/td><\/tr><tr><td>MATEM\u00c1TICA<br><a href=\"https:\/\/ieslvf-caba.infd.edu.ar\/sitio\/wp-content\/uploads\/2021\/09\/Contenidos-priorizados_Matematica-1o3o-y-1o4o-2021.pdf\">1ra<\/a>      <a href=\"https:\/\/ieslvf-caba.infd.edu.ar\/sitio\/wp-content\/uploads\/2021\/08\/MATEMATICA-1er-ANO_PROGRAMA-contenidos-dados-priorizados-1er-CUATRIM.docx.pdf\">2da<\/a>      <a href=\"https:\/\/ieslvf-caba.infd.edu.ar\/sitio\/wp-content\/uploads\/2021\/09\/Contenidos-priorizados_Matematica-1o3o-y-1o4o-2021.pdf\">3ra<\/a>     <a href=\"https:\/\/ieslvf-caba.infd.edu.ar\/sitio\/wp-content\/uploads\/2021\/09\/Contenidos-priorizados_Matematica-1o3o-y-1o4o-2021.pdf\">4ta<\/a><\/td><td><a href=\"https:\/\/ieslvf-caba.infd.edu.ar\/sitio\/wp-content\/uploads\/2021\/09\/lengua1%C2%B0.pdf\">LENGUA Y LITERATURA<\/a><\/td><td>LENGUA ADICIONAL<\/td><td><a href=\"https:\/\/ieslvf-caba.infd.edu.ar\/sitio\/wp-content\/uploads\/2021\/09\/Programa-1o-ano-Educacion-Fisica-Prof-EspanolValeria.docx.pdf\">EDUCACI\u00d3N F\u00cdSICA<\/a><\/td><\/tr><tr><td>BIOLOG\u00cdA<br><a href=\"https:\/\/ieslvf-caba.infd.edu.ar\/sitio\/wp-content\/uploads\/2021\/09\/PROGRAMA-BIOLOGIA-1%C2%B01%C2%B0-1%C2%B02%C2%B0-1%C2%B03%C2%B0-ANO-2021.pdf\">1ra<\/a>     <a href=\"https:\/\/ieslvf-caba.infd.edu.ar\/sitio\/wp-content\/uploads\/2021\/09\/PROGRAMA-BIOLOGIA-1%C2%B01%C2%B0-1%C2%B02%C2%B0-1%C2%B03%C2%B0-ANO-2021.pdf\">2da<\/a>       <a href=\"https:\/\/ieslvf-caba.infd.edu.ar\/sitio\/wp-content\/uploads\/2021\/09\/PROGRAMA-BIOLOGIA-1%C2%B01%C2%B0-1%C2%B02%C2%B0-1%C2%B03%C2%B0-ANO-2021.pdf\">3ra<\/a>     4ta<\/td><td><a href=\"https:\/\/ieslvf-caba.infd.edu.ar\/sitio\/wp-content\/uploads\/2021\/09\/1%C2%B0Historia.pdf\">HISTORIA<\/a><\/td><td><a href=\"https:\/\/ieslvf-caba.infd.edu.ar\/sitio\/wp-content\/uploads\/2021\/09\/PROGRAMA-GEOGRAFIA-1o-ANO.pdf\">GEOGRAF\u00cdA<\/a><\/td><td>FORMACI\u00d3N \u00c9TICA Y CIUDADANA<br><a href=\"https:\/\/ieslvf-caba.infd.edu.ar\/sitio\/wp-content\/uploads\/2021\/09\/PROGRAMA-FEC-1RO-1RA-2020-1-1.pdf\">1ra<\/a><a href=\"https:\/\/ieslvf-caba.infd.edu.ar\/sitio\/wp-admin\/post.php?post=9905&amp;action=edit\"> <\/a>              <a href=\"https:\/\/ieslvf-caba.infd.edu.ar\/sitio\/wp-content\/uploads\/2021\/09\/PROGRAMA-FEC-1o-ANO-1.pdf\">2da  <\/a>         <a href=\"https:\/\/ieslvf-caba.infd.edu.ar\/sitio\/wp-content\/uploads\/2021\/09\/PROGRAMA-FEC-1o-ANO-1.pdf\">3ra<\/a>         <a href=\"https:\/\/ieslvf-caba.infd.edu.ar\/sitio\/wp-content\/uploads\/2021\/09\/PROGRAMA-FEC-1o-ANO-1.pdf\">4ta<\/a><\/td><\/tr><tr><td>EDUCACI\u00d3N TECNOL\u00d3GICA<\/td><td>ARTES<\/td><td><\/td><td><\/td><\/tr><\/tbody><\/table><\/figure>\n\n\n\n<p><\/p>\n<\/div>\n<\/div>\n\n\n\n<p><span style=\"color:#0006a3\" class=\"has-inline-color\">2DO A\u00d1O<\/span><\/p>\n\n\n\n<figure class=\"wp-block-table\"><table><tbody><tr><td>MATEM\u00c1TICA<br>1ra      <a href=\"https:\/\/ieslvf-caba.infd.edu.ar\/sitio\/wp-content\/uploads\/2021\/09\/MATEMATICA-2do-ANO_PROGRAMA-contenidos-dados-priorizados-1er-CUATRIM.pdf\">2da<\/a>     <a href=\"https:\/\/ieslvf-caba.infd.edu.ar\/sitio\/wp-content\/uploads\/2021\/09\/MATEMATICA-2do-ANO_PROGRAMA-contenidos-dados-priorizados-1er-CUATRIM.pdf\"> 3ra<\/a>      4ta<\/td><td><a href=\"https:\/\/ieslvf-caba.infd.edu.ar\/sitio\/wp-content\/uploads\/2021\/09\/LV-Programa-de-Lengua-y-Literatura-2o.pdf\">LENGUA Y LITERATURA<\/a><\/td><td>LENGUA ADICIONAL<\/td><td><a href=\"https:\/\/ieslvf-caba.infd.edu.ar\/sitio\/wp-content\/uploads\/2021\/09\/Programa2%C2%B0Educacion-Fisica.pdf\">EDUCACI\u00d3N F\u00cdSICA<\/a><\/td><\/tr><tr><td>BIOLOG\u00cdA<br>1ra    <a href=\"https:\/\/ieslvf-caba.infd.edu.ar\/sitio\/wp-content\/uploads\/2021\/09\/PROGRAMA-BIOLOGIA-2%C2%B02%C2%B0-2%C2%B03%C2%B0-ANO-2021.pdf\">2da<\/a>     <a href=\"https:\/\/ieslvf-caba.infd.edu.ar\/sitio\/wp-content\/uploads\/2021\/09\/PROGRAMA-BIOLOGIA-2%C2%B02%C2%B0-2%C2%B03%C2%B0-ANO-2021.pdf\">3ra<\/a>     <a href=\"https:\/\/ieslvf-caba.infd.edu.ar\/sitio\/wp-content\/uploads\/2021\/09\/BIOLOGIA-2%C2%B0-ANO-PROG-2021-TESOLIN-2do-4ta-IESLV.pdf\">4ta<\/a><\/td><td><a href=\"https:\/\/ieslvf-caba.infd.edu.ar\/sitio\/wp-content\/uploads\/2021\/09\/PROGRAMA-HISTORIA-2o-ANO.pdf\">HISTORIA<\/a><\/td><td><a href=\"https:\/\/ieslvf-caba.infd.edu.ar\/sitio\/wp-content\/uploads\/2021\/09\/PROGRAMA-GEOGRAFIA-2o-ANO.pdf\">GEOGRAF\u00cdA<\/a><\/td><td>FORMACI\u00d3N \u00c9TICA Y CIUDADANA<br><a href=\"https:\/\/ieslvf-caba.infd.edu.ar\/sitio\/wp-content\/uploads\/2021\/09\/PROGRAMA-FEC-2DO-1RA-2020-1-1.pdf\">1ra  <\/a>     <a href=\"https:\/\/ieslvf-caba.infd.edu.ar\/sitio\/wp-content\/uploads\/2021\/09\/PROGRAMA-FEC-2o-ANO.pdf\">2da <\/a>           <a href=\"https:\/\/ieslvf-caba.infd.edu.ar\/sitio\/wp-content\/uploads\/2021\/09\/PROGRAMA-FEC-2o-ANO.pdf\"> 3ra <\/a>      <a href=\"https:\/\/ieslvf-caba.infd.edu.ar\/sitio\/wp-content\/uploads\/2021\/09\/PROGRAMA-FEC-2o-ANO.pdf\">  4ta<\/a><\/td><\/tr><tr><td>EDUCACI\u00d3N TECNOL\u00d3GICA<\/td><td>ARTES<\/td><td><\/td><td><\/td><\/tr><\/tbody><\/table><\/figure>\n\n\n\n<p class=\"has-text-align-center\"><span style=\"color:#0006a3\" class=\"has-inline-color\"><strong>BACHILLERATO BILING\u00dcE<\/strong><\/span><\/p>\n\n\n\n<figure class=\"wp-block-table\"><table><tbody><tr><td>DISCURSOS EST\u00c9TICOS<br><a href=\"https:\/\/ieslvf-caba.infd.edu.ar\/sitio\/wp-content\/uploads\/2021\/09\/Programa-Discursos-Este%CC%81ticos-1ero-4ta-2021-COLORES.pdf\">1ro 4ta  <\/a>                   <a href=\"https:\/\/ieslvf-caba.infd.edu.ar\/sitio\/wp-content\/uploads\/2021\/09\/Programa-Discursos-Este%CC%81ticos-2do-4ta-2021-CONTENIDOS-PRIORITARIOS.pdf\">2do 4ta<\/a><\/td><td>ESPACIO DE INTEGRACI\u00d3N CURRICULAR<br><a href=\"https:\/\/ieslvf-caba.infd.edu.ar\/sitio\/wp-content\/uploads\/2021\/09\/Tropea-Programa-EDIC.pdf\">1ro 4ta   <\/a>                          <a href=\"https:\/\/ieslvf-caba.infd.edu.ar\/sitio\/wp-content\/uploads\/2021\/09\/Programa-EDIC-2do-4ta-2021-CONTENIDOS-PRIORITARIOS.pdf\"> 2do 4ta<\/a><\/td><td>TIC EN INGL\u00c9S<br><a href=\"https:\/\/ieslvf-caba.infd.edu.ar\/sitio\/wp-content\/uploads\/2021\/09\/Programa-TIC-en-Ingles-1ero-4ta-Bil-2021.pdf\">1ro 4ta <\/a>                         <a href=\"https:\/\/ieslvf-caba.infd.edu.ar\/sitio\/wp-content\/uploads\/2021\/09\/Programa-TIC-II-Bachillerato-Bilingu%CC%88e-2021.pdf\">2do 4ta<\/a><\/td><\/tr><tr><td>MATERIA CURRICULAR BILING\u00dcE<br> 1ro 4ta                         2do 4ta<\/td><td>LENGUA ADICIONAL FRANC\u00c9S<br>1ro 4ta                           2do 4ta<\/td><td><\/td><\/tr><\/tbody><\/table><\/figure>\n\n\n\n<p class=\"has-text-align-center\"><span style=\"color:#0006a3\" class=\"has-inline-color\"><strong>CICLO ORIENTADO EN LENGUAS NES<\/strong><\/span><\/p>\n\n\n\n<p><span style=\"color:#0001a3\" class=\"has-inline-color\">3ER A\u00d1O<\/span><\/p>\n\n\n\n<figure class=\"wp-block-table\"><table><tbody><tr><td><a href=\"https:\/\/ieslvf-caba.infd.edu.ar\/sitio\/wp-content\/uploads\/2021\/09\/Contenidos-priorizados_Matematica-3o1o-y-3o2o-2021.pdf\">MATEM\u00c1TICA<\/a><\/td><td><a href=\"https:\/\/ieslvf-caba.infd.edu.ar\/sitio\/wp-content\/uploads\/2021\/09\/Lengua3%C2%B0.pfd_.pdf\">LENGUA Y LITERATURA<\/a><\/td><td>LENGUA ADICIONAL<\/td><td><a href=\"https:\/\/ieslvf-caba.infd.edu.ar\/sitio\/wp-content\/uploads\/2021\/09\/Programa3%C2%B0EducacionFisica.pdf\">EDUCACI\u00d3N F\u00cdSICA<\/a><\/td><\/tr><tr><td><a href=\"https:\/\/ieslvf-caba.infd.edu.ar\/sitio\/wp-content\/uploads\/2021\/09\/PROGRAMA-BIOLOGIA-3%C2%B01%C2%B0-ANO-2021.docx-1.pdf\">BIOLOG\u00cdA<\/a><\/td><td><a href=\"https:\/\/ieslvf-caba.infd.edu.ar\/sitio\/wp-content\/uploads\/2021\/09\/Historia3%C2%B0.pdf\">HISTORIA<\/a><\/td><td>GEOGRAF\u00cdA<\/td><td><a href=\"https:\/\/ieslvf-caba.infd.edu.ar\/sitio\/wp-content\/uploads\/2021\/09\/PROGRAMA-FEC-3o-ANO-3.pdf\">FORMACI\u00d3N \u00c9TICA Y CIUDADANA<\/a><\/td><\/tr><tr><td>TECNOLOG\u00cdAS DE LA INFORMACI\u00d3N<\/td><td>ECONOM\u00cdA<\/td><td>FISICOQU\u00cdMICA<\/td><td>LENGUA ADICIONAL B<\/td><\/tr><\/tbody><\/table><\/figure>\n\n\n\n<p><span style=\"color:#0001a3\" class=\"has-inline-color\">4TO A\u00d1O<\/span><\/p>\n\n\n\n<figure class=\"wp-block-table\"><table><tbody><tr><td>MATEM\u00c1TICA<\/td><td><a href=\"https:\/\/ieslvf-caba.infd.edu.ar\/sitio\/wp-content\/uploads\/2021\/09\/lengua4.pdf\">LENGUA Y LITERATURA<\/a><\/td><td>LENGUA ADICIONAL<\/td><td><a href=\"https:\/\/ieslvf-caba.infd.edu.ar\/sitio\/wp-content\/uploads\/2021\/09\/Programa4%C2%B0.EducacionFisica.pdf\">EDUCACI\u00d3N F\u00cdSICA<\/a><\/td><\/tr><tr><td>BIOLOG\u00cdA<\/td><td><a href=\"https:\/\/ieslvf-caba.infd.edu.ar\/sitio\/wp-content\/uploads\/2021\/09\/Historia4%C2%B0.pdf\">HISTORIA<\/a><\/td><td><a href=\"https:\/\/ieslvf-caba.infd.edu.ar\/sitio\/wp-content\/uploads\/2021\/09\/geografia4%C2%B0.pdf\">GEOGRAF\u00cdA<\/a><\/td><td><a href=\"https:\/\/ieslvf-caba.infd.edu.ar\/sitio\/wp-content\/uploads\/2021\/09\/PROGRAMA-FEC-4o-ANO.pdf\">FORMACI\u00d3N \u00c9TICA Y CIUDADANA<\/a><\/td><\/tr><tr><td>TECNOLOG\u00cdAS DE LA INFORMACI\u00d3N<\/td><td><a href=\"https:\/\/ieslvf-caba.infd.edu.ar\/sitio\/wp-content\/uploads\/2021\/09\/Contenidos-Fisica-4to-2021.pdf\">F\u00cdSICA<\/a><\/td><td>LENGUA ADICIONAL B<\/td><td>PROFUNDIZACI\u00d3N LENGUA ADICIONAL A<\/td><\/tr><tr><td>LENGUA Y CULTURA<\/td><td><\/td><td><\/td><td><\/td><\/tr><\/tbody><\/table><\/figure>\n\n\n\n<p><span style=\"color:#000aa3\" class=\"has-inline-color\">5TO A\u00d1O<\/span><\/p>\n\n\n\n<figure class=\"wp-block-table\"><table><tbody><tr><td><a href=\"https:\/\/ieslvf-caba.infd.edu.ar\/sitio\/wp-content\/uploads\/2021\/09\/MATEMATICA-5to-ANO_PROGRAMA-contenidos-dados-priorizados-1er-CUATRIM.pdf\">MATEM\u00c1TICA<\/a><\/td><td><a href=\"https:\/\/ieslvf-caba.infd.edu.ar\/sitio\/wp-content\/uploads\/2021\/09\/lengua.5-.pdf\">LENGUA Y LITERATURA<\/a><\/td><td>LENGUA ADICIONAL<\/td><td><a href=\"https:\/\/ieslvf-caba.infd.edu.ar\/sitio\/wp-content\/uploads\/2021\/09\/programa5%C2%B0educa.Fisica.pdf\">EDUCACI\u00d3N F\u00cdSICA<\/a><\/td><\/tr><tr><td><a href=\"https:\/\/ieslvf-caba.infd.edu.ar\/sitio\/wp-content\/uploads\/2021\/09\/Programa-FILOSOFIA-prof-Claudia-Groesman.pdf\">FILOSOF\u00cdA<\/a><\/td><td>QU\u00cdMICA<\/td><td>LENGUA ADICIONAL B<\/td><td>PROFUNDIZACI\u00d3N LENGUA ADICIONAL A<\/td><\/tr><tr><td>LENGUA ADICIONAL C<\/td><td>PROYECTO<\/td><td><a href=\"https:\/\/ieslvf-caba.infd.edu.ar\/sitio\/wp-content\/uploads\/2021\/09\/HISTORIA-5-o-ANO-ORIENTACION-LENGUAS.pdf\">HISTORIA ORIENTADA<\/a><\/td><td>TECNOLOG\u00cdAS DE LA INFORMACI\u00d3N ORIENTADA<\/td><\/tr><\/tbody><\/table><\/figure>\n\n\n\n<p class=\"has-text-align-center\"><span style=\"color:#0006a3\" class=\"has-inline-color\"><strong>CICLO ORIENTADO EN MATEM\u00c1TICA Y F\u00cdSICA NES<\/strong><\/span><\/p>\n\n\n\n<p><span style=\"color:#0800a3\" class=\"has-inline-color\">3RO A\u00d1O<\/span><\/p>\n\n\n\n<figure class=\"wp-block-table\"><table><tbody><tr><td><a href=\"https:\/\/ieslvf-caba.infd.edu.ar\/sitio\/wp-content\/uploads\/2021\/09\/Contenidos-priorizados-Matematica-3o3o-y-3o4o-2021.pdf\">MATEM\u00c1TICA<\/a><\/td><td><a href=\"https:\/\/ieslvf-caba.infd.edu.ar\/sitio\/wp-content\/uploads\/2021\/09\/Lengua3%C2%B0.pfd_.pdf\">LENGUA Y LITERATURA<\/a><\/td><td>LENGUA ADICIONAL<\/td><td><a href=\"https:\/\/ieslvf-caba.infd.edu.ar\/sitio\/wp-content\/uploads\/2021\/09\/Programa3%C2%B0EducacionFisica.pdf\">EDUCACI\u00d3N F\u00cdSICA<\/a><\/td><\/tr><tr><td>BIOLOG\u00cdA<\/td><td><a href=\"https:\/\/ieslvf-caba.infd.edu.ar\/sitio\/wp-content\/uploads\/2021\/09\/Historia3%C2%B0.pdf\">HISTORIA<\/a><\/td><td><a href=\"https:\/\/ieslvf-caba.infd.edu.ar\/sitio\/wp-content\/uploads\/2021\/09\/PROGRAMA-Y-PLANIFICACION-GEOGRAFIA-3ro-4ta.pdf\">GEOGRAF\u00cdA<\/a><\/td><td><a href=\"https:\/\/ieslvf-caba.infd.edu.ar\/sitio\/wp-content\/uploads\/2021\/09\/PROGRAMA-FEC-3o-ANO-3.pdf\">FORMACI\u00d3N \u00c9TICA Y CIUDADANA<\/a><\/td><\/tr><tr><td>TECNOLOG\u00cdAS DE LA INFORMACI\u00d3N<\/td><td>ECONOM\u00cdA<\/td><td>FISICOQU\u00cdMICA<\/td><td><a href=\"https:\/\/ieslvf-caba.infd.edu.ar\/sitio\/wp-content\/uploads\/2021\/09\/Programa-Laboratorio-de-Optica-y-Fluidos-2021-subrayado.pdf\">LABORATORIO<\/a><\/td><\/tr><\/tbody><\/table><\/figure>\n\n\n\n<p><span style=\"color:#000aa3\" class=\"has-inline-color\">4TO A\u00d1O<\/span><\/p>\n\n\n\n<figure class=\"wp-block-table\"><table><tbody><tr><td><a href=\"https:\/\/ieslvf-caba.infd.edu.ar\/sitio\/wp-content\/uploads\/2021\/09\/Contenidos-Priorizados_Matematica-4o4o-2021.pdf\">MATEM\u00c1TICA<\/a><\/td><td><a href=\"https:\/\/ieslvf-caba.infd.edu.ar\/sitio\/wp-content\/uploads\/2021\/09\/lengua4.pdf\">LENGUA Y LITERATURA<\/a><\/td><td>LENGUA ADICIONAL<\/td><td><a href=\"https:\/\/ieslvf-caba.infd.edu.ar\/sitio\/wp-content\/uploads\/2021\/09\/Programa4%C2%B0.EducacionFisica.pdf\">EDUCACI\u00d3N F\u00cdSICA<\/a><\/td><\/tr><tr><td>ARTE<\/td><td><a href=\"https:\/\/ieslvf-caba.infd.edu.ar\/sitio\/wp-content\/uploads\/2021\/09\/Historia4%C2%B0.pdf\">HISTORIA<\/a><\/td><td><a href=\"https:\/\/ieslvf-caba.infd.edu.ar\/sitio\/wp-content\/uploads\/2021\/09\/geografia4%C2%B0.pdf\">GEOGRAF\u00cdA<\/a><\/td><td><a href=\"https:\/\/ieslvf-caba.infd.edu.ar\/sitio\/wp-content\/uploads\/2021\/09\/PROGRAMA-FEC-4o-ANO.pdf\">FORMACI\u00d3N \u00c9TICA Y CIUDADANA<\/a><\/td><\/tr><tr><td>TECNOLOG\u00cdAS DE LA INFORMACI\u00d3N<\/td><td><a href=\"https:\/\/ieslvf-caba.infd.edu.ar\/sitio\/wp-content\/uploads\/2021\/09\/Contenidos-Fisica-4to-2021.pdf\">F\u00cdSICA<\/a><\/td><td>CIENCIA EN CONTEXTO<\/td><td>LABORATORIO DE MATEM\u00c1TICA<\/td><\/tr><tr><td><a href=\"https:\/\/ieslvf-caba.infd.edu.ar\/sitio\/wp-content\/uploads\/2021\/09\/Programa-fisica-y-tecnologia-4-4.docx.pdf\">F\u00cdSICA Y TECNOLOG\u00cdA<\/a><\/td><td><\/td><td><\/td><td><\/td><\/tr><\/tbody><\/table><\/figure>\n\n\n\n<p><span style=\"color:#0800a3\" class=\"has-inline-color\">5TO A\u00d1O<\/span><\/p>\n\n\n\n<figure class=\"wp-block-table\"><table><tbody><tr><td><a href=\"https:\/\/ieslvf-caba.infd.edu.ar\/sitio\/wp-content\/uploads\/2021\/09\/MATEMATICA-5to-4Ta-ANO_PROGRAMA-contenidos-dados-priorizados-1er-CUATRIM.pdf\">MATEM\u00c1TICA<\/a><\/td><td><a href=\"https:\/\/ieslvf-caba.infd.edu.ar\/sitio\/wp-content\/uploads\/2021\/09\/lengua.5-.pdf\">LENGUA Y LITERATURA<\/a><\/td><td>LENGUA ADICIONAL<\/td><td><a href=\"https:\/\/ieslvf-caba.infd.edu.ar\/sitio\/wp-content\/uploads\/2021\/09\/programa5%C2%B0educa.Fisica.pdf\">EDUCACI\u00d3N F\u00cdSICA<\/a><\/td><\/tr><tr><td><a href=\"https:\/\/ieslvf-caba.infd.edu.ar\/sitio\/wp-content\/uploads\/2021\/09\/Programa-FILOSOFIA-prof-Claudia-Groesman.pdf\">FILOSOF\u00cdA<\/a><\/td><td>QU\u00cdMICA<\/td><td>L\u00d3GICA Y FILOSOFIA DE LA CIENCIA<\/td><td>MATEM\u00c1TICA PARA LA F\u00cdSICA<\/td><\/tr><tr><td>PROBLEM\u00c1TICAS DE LA F\u00cdSICA ACTUAL<\/td><td><a href=\"https:\/\/ieslvf-caba.infd.edu.ar\/sitio\/wp-content\/uploads\/2021\/09\/HISTORIA-5-o-ANO-ORIENTACION-MATEMATICA-FISICA.pdf\">HISTORIA ORIENTADA<\/a><\/td><td>TECNOLOG\u00cdAS DE LA INFORMACI\u00d3N ORIENTADA<\/td><td><\/td><\/tr><\/tbody><\/table><\/figure>\n\n\n\n<p class=\"has-text-align-center\"><span style=\"color:#000aa3\" class=\"has-inline-color\"><strong>CICLO ORIENTADO EN CIENCIAS SOCIALES Y HUMANIDADES NES<\/strong><\/span><\/p>\n\n\n\n<p><span style=\"color:#0700a3\" class=\"has-inline-color\">3ER A\u00d1O<\/span><\/p>\n\n\n\n<figure class=\"wp-block-table\"><table><tbody><tr><td><a href=\"https:\/\/ieslvf-caba.infd.edu.ar\/sitio\/wp-content\/uploads\/2021\/09\/Contenidos-priorizados-Matematica-3o3o-y-3o4o-2021.pdf\">MATEM\u00c1TICA<\/a><\/td><td><a href=\"https:\/\/ieslvf-caba.infd.edu.ar\/sitio\/wp-content\/uploads\/2021\/09\/Lengua3%C2%B0.pfd_.pdf\">LENGUA Y LITERATURA<\/a><\/td><td>LENGUA ADICIONAL<\/td><td><a href=\"https:\/\/ieslvf-caba.infd.edu.ar\/sitio\/wp-content\/uploads\/2021\/09\/Programa3%C2%B0EducacionFisica.pdf\">EDUCACI\u00d3N F\u00cdSICA<\/a><\/td><\/tr><tr><td><a href=\"https:\/\/ieslvf-caba.infd.edu.ar\/sitio\/wp-content\/uploads\/2021\/09\/PROGRAMA-IES-BIOLOGIA.pdf\">BIOLOG\u00cdA<\/a><\/td><td><a href=\"https:\/\/ieslvf-caba.infd.edu.ar\/sitio\/wp-content\/uploads\/2021\/09\/Historia3%C2%B0.pdf\">HISTORIA<\/a><\/td><td>GEOGRAF\u00cdA<\/td><td><a href=\"https:\/\/ieslvf-caba.infd.edu.ar\/sitio\/wp-content\/uploads\/2021\/09\/PROGRAMA-FEC-3o-ANO-3.pdf\">FORMACI\u00d3N \u00c9TICA Y CIUDADANA<\/a><\/td><\/tr><tr><td>TECNOLOG\u00cdAS DE LA INFORMACI\u00d3N<\/td><td>ECONOM\u00cdA<\/td><td>FISICOQU\u00cdMICA<\/td><td>INTRODUCCION A LAS CS SOCIALES Y A LAS HUMANIDADES<\/td><\/tr><\/tbody><\/table><\/figure>\n\n\n\n<p><span style=\"color:#0001a3\" class=\"has-inline-color\">4TO A\u00d1O<\/span><\/p>\n\n\n\n<figure class=\"wp-block-table\"><table><tbody><tr><td><a href=\"https:\/\/ieslvf-caba.infd.edu.ar\/sitio\/wp-content\/uploads\/2021\/09\/MATEMATICA-4to-ANO_PROGRAMA-contenidos-dados-priorizados-1er-CUATRIM.pdf\">MATEM\u00c1TICA<\/a><\/td><td><a href=\"https:\/\/ieslvf-caba.infd.edu.ar\/sitio\/wp-content\/uploads\/2021\/09\/lengua4.pdf\">LENGUA Y LITERATURA<\/a><\/td><td>LENGUA ADICIONAL<\/td><td><a href=\"https:\/\/ieslvf-caba.infd.edu.ar\/sitio\/wp-content\/uploads\/2021\/09\/Programa4%C2%B0.EducacionFisica.pdf\">EDUCACI\u00d3N F\u00cdSICA<\/a><\/td><\/tr><tr><td>ARTE<\/td><td><a href=\"https:\/\/ieslvf-caba.infd.edu.ar\/sitio\/wp-content\/uploads\/2021\/09\/Historia4%C2%B0.pdf\">HISTORIA<\/a><\/td><td><a href=\"https:\/\/ieslvf-caba.infd.edu.ar\/sitio\/wp-content\/uploads\/2021\/09\/geografia4%C2%B0.pdf\">GEOGRAF\u00cdA<\/a><\/td><td><a href=\"https:\/\/ieslvf-caba.infd.edu.ar\/sitio\/wp-content\/uploads\/2021\/09\/PROGRAMA-FEC-4o-ANO.pdf\">FORMACI\u00d3N \u00c9TICA Y CIUDADANA<\/a><\/td><\/tr><tr><td>TECNOLOG\u00cdAS DE LA INFORMACI\u00d3N<\/td><td><a href=\"https:\/\/ieslvf-caba.infd.edu.ar\/sitio\/wp-content\/uploads\/2021\/09\/Contenidos-Fisica-4to-2021.pdf\">F\u00cdSICA<\/a><\/td><td>PSICOLOG\u00cdA<\/td><td>ANTROPOLOG\u00cdA CULTURAL<\/td><\/tr><tr><td>SOCIOLOG\u00cdA<\/td><td><\/td><td><\/td><td><\/td><\/tr><\/tbody><\/table><\/figure>\n\n\n\n<p><span style=\"color:#0001a3\" class=\"has-inline-color\">5TO A\u00d1O<\/span><\/p>\n\n\n\n<figure class=\"wp-block-table\"><table><tbody><tr><td><a href=\"https:\/\/ieslvf-caba.infd.edu.ar\/sitio\/wp-content\/uploads\/2021\/09\/Contenidos-Priorizados_Matematica-5o3o-2021.pdf\">MATEM\u00c1TICA<\/a><\/td><td><a href=\"https:\/\/ieslvf-caba.infd.edu.ar\/sitio\/wp-content\/uploads\/2021\/09\/lengua.5-.pdf\">LENGUA Y LITERATURA<\/a><\/td><td>LENGUA ADICIONAL<\/td><td><a href=\"https:\/\/ieslvf-caba.infd.edu.ar\/sitio\/wp-content\/uploads\/2021\/09\/programa5%C2%B0educa.Fisica.pdf\">EDUCACI\u00d3N F\u00cdSICA<\/a><\/td><\/tr><tr><td><a href=\"https:\/\/ieslvf-caba.infd.edu.ar\/sitio\/wp-content\/uploads\/2021\/09\/Programa-FILOSOFIA-prof-Claudia-Groesman.pdf\">FILOSOF\u00cdA<\/a><\/td><td>QU\u00cdMICA<\/td><td>GEOGRAF\u00cdA AMBIENTAL Y POLITICA<\/td><td>SOCIEDAD Y ESTADO<\/td><\/tr><tr><td>HISTORIA CULTURAL LATINOAMERICANA<\/td><td>HISTORIA ORIENTADA<\/td><td>TECNOLOG\u00cdAS DE LA INFORMACI\u00d3N ORIENTADA<\/td><td>PROYECTO<\/td><\/tr><\/tbody><\/table><\/figure>\n\n\n\n<p><\/p>\n","protected":false},"excerpt":{"rendered":"<p>CICLO DE FORMACI\u00d3N GENERAL NUEVA ESCUELA SECUNDARIA 1ER A\u00d1O MATEM\u00c1TICA1ra 2da 3ra 4ta LENGUA Y LITERATURA LENGUA ADICIONAL EDUCACI\u00d3N F\u00cdSICA BIOLOG\u00cdA1ra 2da 3ra 4ta HISTORIA GEOGRAF\u00cdA FORMACI\u00d3N \u00c9TICA Y CIUDADANA1ra 2da 3ra 4ta EDUCACI\u00d3N TECNOL\u00d3GICA ARTES 2DO A\u00d1O MATEM\u00c1TICA1ra 2da 3ra 4ta LENGUA Y LITERATURA LENGUA ADICIONAL EDUCACI\u00d3N F\u00cdSICA BIOLOG\u00cdA1ra 2da 3ra 4ta HISTORIA GEOGRAF\u00cdA &#8230; <a title=\"Programas vigentes 2021 &#8211; Nivel Medio (2021)\" class=\"read-more\" href=\"https:\/\/ieslvf-caba.infd.edu.ar\/sitio\/programas-vigentes-2021-nivel-medio-2021\/\" aria-label=\"More on Programas vigentes 2021 &#8211; Nivel Medio (2021)\">[+]<\/a><\/p>\n","protected":false},"author":2900,"featured_media":0,"parent":0,"menu_order":0,"comment_status":"closed","ping_status":"closed","template":"","meta":[],"acf":[],"_links":{"self":[{"href":"https:\/\/ieslvf-caba.infd.edu.ar\/sitio\/wp-json\/wp\/v2\/pages\/10607"}],"collection":[{"href":"https:\/\/ieslvf-caba.infd.edu.ar\/sitio\/wp-json\/wp\/v2\/pages"}],"about":[{"href":"https:\/\/ieslvf-caba.infd.edu.ar\/sitio\/wp-json\/wp\/v2\/types\/page"}],"author":[{"embeddable":true,"href":"https:\/\/ieslvf-caba.infd.edu.ar\/sitio\/wp-json\/wp\/v2\/users\/2900"}],"replies":[{"embeddable":true,"href":"https:\/\/ieslvf-caba.infd.edu.ar\/sitio\/wp-json\/wp\/v2\/comments?post=10607"}],"version-history":[{"count":1,"href":"https:\/\/ieslvf-caba.infd.edu.ar\/sitio\/wp-json\/wp\/v2\/pages\/10607\/revisions"}],"predecessor-version":[{"id":10609,"href":"https:\/\/ieslvf-caba.infd.edu.ar\/sitio\/wp-json\/wp\/v2\/pages\/10607\/revisions\/10609"}],"wp:attachment":[{"href":"https:\/\/ieslvf-caba.infd.edu.ar\/sitio\/wp-json\/wp\/v2\/media?parent=10607"}],"curies":[{"name":"wp","href":"https:\/\/api.w.org\/{rel}","templated":true}]}}