{"id":10614,"date":"2021-09-30T18:15:15","date_gmt":"2021-09-30T21:15:15","guid":{"rendered":"https:\/\/ieslvf-caba.infd.edu.ar\/sitio\/?page_id=10614"},"modified":"2021-10-27T15:34:01","modified_gmt":"2021-10-27T18:34:01","slug":"de-interes-para-los-padres-2021","status":"publish","type":"page","link":"https:\/\/ieslvf-caba.infd.edu.ar\/sitio\/de-interes-para-los-padres-2021\/","title":{"rendered":"De inter\u00e9s para los padres 2021"},"content":{"rendered":"\n<div class=\"wp-block-cover alignwide has-background-dim-20 has-background-dim is-position-center-center\" style=\"min-height:100px\"><img decoding=\"async\" loading=\"lazy\" width=\"800\" height=\"1200\" class=\"wp-block-cover__image-background wp-image-10616\" alt=\"\" src=\"https:\/\/ieslvf-caba.infd.edu.ar\/sitio\/wp-content\/uploads\/2021\/09\/pexels-karolina-grabowska-4467656.jpg\" style=\"object-position:72% 56%\" data-object-fit=\"cover\" data-object-position=\"72% 56%\" srcset=\"https:\/\/ieslvf-caba.infd.edu.ar\/sitio\/wp-content\/uploads\/2021\/09\/pexels-karolina-grabowska-4467656.jpg 800w, https:\/\/ieslvf-caba.infd.edu.ar\/sitio\/wp-content\/uploads\/2021\/09\/pexels-karolina-grabowska-4467656-667x1000.jpg 667w, https:\/\/ieslvf-caba.infd.edu.ar\/sitio\/wp-content\/uploads\/2021\/09\/pexels-karolina-grabowska-4467656-768x1152.jpg 768w\" sizes=\"(max-width: 800px) 100vw, 800px\" \/><div class=\"wp-block-cover__inner-container\">\n<p class=\"has-text-align-center has-text-color\" style=\"color:#fffffa;font-size:40px;line-height:1.1\"><strong>De inter\u00e9s para los padres<\/strong><\/p>\n<\/div><\/div>\n\n\n\n<p><\/p>\n\n\n\n<h2 class=\"wp-block-heading\"><strong>IMPORTANTE<\/strong><\/h2>\n\n\n\n<p><strong>Relevamiento de datos para comunicaci\u00f3n institucional<\/strong><\/p>\n\n\n\n<p>El equipo de conducci\u00f3n del IES en Lenguas Vivas \u00abJuan Ram\u00f3n Fern\u00e1ndez\u00bb, con el objetivo de optimizar los canales de comunicaci\u00f3n, solicita a las familias del Nivel Secundario tengan a bien completar el siguiente formulario. En caso de cambiar alguno de los datos les pedimos los actualicen completandolo nuevamente.<\/p>\n\n\n\n<p>Aclaraci\u00f3n: deber\u00e1 completar <strong>un formulario por cada hijo\/a que se encuentre matriculado en el Nivel Secundario.<\/strong><\/p>\n\n\n\n<p><strong>Todos los campos son obligatorios.&nbsp;<\/strong>En caso de no tener la informaci\u00f3n que se le solicita deber\u00e1 colocar \u00abninguno\u00bb para poder continuar con los dem\u00e1s campos.<\/p>\n\n\n\n<p>Para acceder, haga clic en&nbsp;<strong><a href=\"https:\/\/docs.google.com\/forms\/d\/e\/1FAIpQLSe9PSIf3nQXHJTjcz_ZwKabbS_hh8444_pgn1ZOVIKU6cLYJA\/viewform\" target=\"_blank\" rel=\"noreferrer noopener\">Formulario Nivel Secundario<\/a><\/strong><\/p>\n\n\n\n<p>Cualquier inconveniente que se les presente al momento de completar este formulario, escriba un correo electr\u00f3nico a:<\/p>\n\n\n\n<p>gi.ieslvjrf@gmail.com<\/p>\n\n\n\n<hr class=\"wp-block-separator is-style-default\"\/>\n\n\n\n<p><a href=\"upload\/instructivopadres2015.docx.pdf\" target=\"_blank\" rel=\"noreferrer noopener\"><strong>Instructivo para padres 2016<\/strong><\/a><\/p>\n\n\n\n<p><strong><a href=\"upload\/PLANES_DE_ESTUDIONM.pdf\" target=\"_blank\" rel=\"noreferrer noopener\">Plan de Estudios<\/a><\/strong><\/p>\n\n\n\n<p><strong>Solicitud de entrevistas<\/strong><\/p>\n\n\n\n<p>El Cuaderno Agenda funciona como medio de comunicaci\u00f3n entre los padres y los docentes o autoridades.Permite acordar fechas y horarios de reuniones y\/o entrevistas.&nbsp;<br>Aun en los casos en los que los docentes tienen d\u00edas y horarios destinados a la atenci\u00f3n de las familias, se deben coordinar las reuniones por medio del cuaderno Agenda para evitar superposiciones u otro tipo de desencuentros.<\/p>\n\n\n\n<p><a href=\"index.cgi?wid_seccion=1&amp;wid_item=113\" target=\"_blank\" rel=\"noreferrer noopener\"><strong>Asociaci\u00f3n Cooperadora<\/strong><\/a><\/p>\n\n\n\n<p>Los padres de todos los niveles de la instituci\u00f3n pueden participar de la Asociaci\u00f3n Cooperadora.<\/p>\n\n\n\n<p>Los invitamos a involucrarse, participar en las asambleas y \u00f3rganos de la asociaci\u00f3n, colaborar con la cuota social y las actividades que se realizan en la instituci\u00f3n.<\/p>\n\n\n\n<p><strong>De la distribuci\u00f3n de los alumnos en los cursos<\/strong><\/p>\n\n\n\n<p>El Equipo Directivo de Nivel Medio informa a la Comunidad Educativa que el mecanismo de asignaci\u00f3n de cursos de los estudiantes de 1er a\u00f1o, realizado por sorteo, fue decidido por esta Gesti\u00f3n para el ciclo lectivo 2015 y subsiguientes, y cont\u00f3 con el acuerdo del Consejo Consultivo en tratamiento en la reuni\u00f3n del 5 de marzo de 2015.<\/p>\n\n\n\n<p><strong>Ex\u00e1menes CLE<\/strong><\/p>\n\n\n\n<p>El Departamento de Ingl\u00e9s invita a los alumnos a presentarse para rendir los ex\u00e1menes <strong>CLE<\/strong> (Certificados en Lenguas Extranjeras) cuya inscripci\u00f3n estar\u00e1 a cargo de esta escuela.&nbsp; Dichos ex\u00e1menes se llevaran a cabo durante Agosto y Septiembre de 2016.<\/p>\n\n\n\n<p>Esta certificaci\u00f3n emitida por el Ministerio de Educaci\u00f3n del GCBA acredita saberes y conocimientos en cinco lenguas y facilita la futura inserci\u00f3n del candidato en el mundo laboral y acad\u00e9mico.<\/p>\n\n\n\n<p>Los ex\u00e1menes CLE pueden rendirse sin ning\u00fan requisito previo y no son correlativos.&nbsp; Constan de una prueba escrita que eval\u00faa las capacidades de escucha, lectura y escritura en el idioma seleccionado y de una prueba oral que eval\u00faa la expresi\u00f3n oral en lengua extranjera. S\u00f3lo los candidatos que se presentan a la prueba escrita pueden rendir el examen oral.<\/p>\n\n\n\n<p>La invitaci\u00f3n incluye los siguientes ex\u00e1menes:<\/p>\n\n\n\n<ul><li><strong>CLE CIL (Ciclo de Idiomas Largo)<\/strong> para alumnos\/alumnas de <strong>escuela media<\/strong> que han estudiado el idioma seleccionado al menos 300 horas reloj o cinco a\u00f1os aproximadamente.<\/li><\/ul>\n\n\n\n<ul><li><strong>CLE CIE (Ciclo de Idiomas Extendido)<\/strong> (corresponde al Nivel III del Dise\u00f1o Curricular)<\/li><li><strong>CLE CIA (Ciclo de Idiomas Avanzado)<\/strong> (corresponde al Nivel IV del Dise\u00f1o Curricular)<\/li><\/ul>\n","protected":false},"excerpt":{"rendered":"<p>IMPORTANTE Relevamiento de datos para comunicaci\u00f3n institucional El equipo de conducci\u00f3n del IES en Lenguas Vivas \u00abJuan Ram\u00f3n Fern\u00e1ndez\u00bb, con el objetivo de optimizar los canales de comunicaci\u00f3n, solicita a las familias del Nivel Secundario tengan a bien completar el siguiente formulario. En caso de cambiar alguno de los datos les pedimos los actualicen completandolo &#8230; <a title=\"De inter\u00e9s para los padres 2021\" class=\"read-more\" href=\"https:\/\/ieslvf-caba.infd.edu.ar\/sitio\/de-interes-para-los-padres-2021\/\" aria-label=\"More on De inter\u00e9s para los padres 2021\">[+]<\/a><\/p>\n","protected":false},"author":2900,"featured_media":0,"parent":0,"menu_order":0,"comment_status":"closed","ping_status":"closed","template":"","meta":[],"acf":[],"_links":{"self":[{"href":"https:\/\/ieslvf-caba.infd.edu.ar\/sitio\/wp-json\/wp\/v2\/pages\/10614"}],"collection":[{"href":"https:\/\/ieslvf-caba.infd.edu.ar\/sitio\/wp-json\/wp\/v2\/pages"}],"about":[{"href":"https:\/\/ieslvf-caba.infd.edu.ar\/sitio\/wp-json\/wp\/v2\/types\/page"}],"author":[{"embeddable":true,"href":"https:\/\/ieslvf-caba.infd.edu.ar\/sitio\/wp-json\/wp\/v2\/users\/2900"}],"replies":[{"embeddable":true,"href":"https:\/\/ieslvf-caba.infd.edu.ar\/sitio\/wp-json\/wp\/v2\/comments?post=10614"}],"version-history":[{"count":1,"href":"https:\/\/ieslvf-caba.infd.edu.ar\/sitio\/wp-json\/wp\/v2\/pages\/10614\/revisions"}],"predecessor-version":[{"id":10617,"href":"https:\/\/ieslvf-caba.infd.edu.ar\/sitio\/wp-json\/wp\/v2\/pages\/10614\/revisions\/10617"}],"wp:attachment":[{"href":"https:\/\/ieslvf-caba.infd.edu.ar\/sitio\/wp-json\/wp\/v2\/media?parent=10614"}],"curies":[{"name":"wp","href":"https:\/\/api.w.org\/{rel}","templated":true}]}}