{"id":20374,"date":"2025-09-01T16:34:06","date_gmt":"2025-09-01T19:34:06","guid":{"rendered":"https:\/\/ieslvf-caba.infd.edu.ar\/sitio\/?page_id=20374"},"modified":"2025-10-02T20:41:09","modified_gmt":"2025-10-02T23:41:09","slug":"iii-jornadas-de-estudiantes-en-lenguas-extranjeras","status":"publish","type":"page","link":"https:\/\/ieslvf-caba.infd.edu.ar\/sitio\/iii-jornadas-de-estudiantes-en-lenguas-extranjeras\/","title":{"rendered":"III JORNADAS DE ESTUDIANTES EN LENGUAS EXTRANJERAS"},"content":{"rendered":"\n<p><strong><em>Informaci\u00f3n y env\u00edo de propuestas: <\/em><\/strong><a rel=\"noreferrer noopener\" href=\"mailto:jornadaestudiantesJRF@gmail.com\" target=\"_blank\">jornadaestudiantesJRF@gmail.com<\/a>  (hasta el 22 de septiembre)<\/p>\n\n\n\n<p><strong><em>Primera circular:<\/em><\/strong> <a href=\"https:\/\/ieslvf-caba.infd.edu.ar\/sitio\/wp-content\/uploads\/2025\/09\/Primera-Circular-Jornada-de-estudiantes-2025.pdf\" target=\"_blank\" rel=\"noreferrer noopener\">pdf aqu\u00ed<\/a><\/p>\n\n\n\n<p><strong><em>Segunda circular:<\/em><\/strong> <a rel=\"noreferrer noopener\" href=\"https:\/\/ieslvf-caba.infd.edu.ar\/sitio\/wp-content\/uploads\/2025\/09\/Segunda-Circular-Jornada-de-estudiantes-2025.pdf\" target=\"_blank\">pdf aqu\u00ed<\/a><\/p>\n\n\n\n<p><em><strong>Tercera circular:<\/strong><\/em> <a href=\"https:\/\/ieslvf-caba.infd.edu.ar\/sitio\/wp-content\/uploads\/2025\/10\/Tercera-Circular-JEPLE-2025-v3.pdf\" target=\"_blank\" rel=\"noreferrer noopener\">pdf aqu\u00ed<\/a><\/p>\n\n\n\n<p><a href=\"https:\/\/ieslvf-caba.infd.edu.ar\/sitio\/wp-content\/uploads\/2025\/10\/Programa-JEPLE-2025-v3.pdf\" target=\"_blank\" rel=\"noreferrer noopener\">Programa JEPLE 2025<\/a><\/p>\n\n\n\n<p><a rel=\"noreferrer noopener\" href=\"https:\/\/drive.google.com\/file\/d\/16su-vaWODgMcr848jir2KnvYQhrfvxBr\/view\" target=\"_blank\">Libro de res\u00famenes JEPLE 2025<\/a><\/p>\n\n\n<div class=\"wp-block-image\">\n<figure class=\"aligncenter size-full is-resized\"><img decoding=\"async\" loading=\"lazy\" src=\"https:\/\/ieslvf-caba.infd.edu.ar\/sitio\/wp-content\/uploads\/2025\/09\/Jornadas-estudiantes.png\" alt=\"\" class=\"wp-image-20418\" width=\"799\" height=\"999\" srcset=\"https:\/\/ieslvf-caba.infd.edu.ar\/sitio\/wp-content\/uploads\/2025\/09\/Jornadas-estudiantes.png 1080w, https:\/\/ieslvf-caba.infd.edu.ar\/sitio\/wp-content\/uploads\/2025\/09\/Jornadas-estudiantes-800x1000.png 800w, https:\/\/ieslvf-caba.infd.edu.ar\/sitio\/wp-content\/uploads\/2025\/09\/Jornadas-estudiantes-768x960.png 768w\" sizes=\"(max-width: 799px) 100vw, 799px\" \/><\/figure><\/div>\n\n\n<p><\/p>\n\n\n\n<p><\/p>\n","protected":false},"excerpt":{"rendered":"<p>Informaci\u00f3n y env\u00edo de propuestas: jornadaestudiantesJRF@gmail.com (hasta el 22 de septiembre) Primera circular: pdf aqu\u00ed Segunda circular: pdf aqu\u00ed Tercera circular: pdf aqu\u00ed Programa JEPLE 2025 Libro de res\u00famenes JEPLE 2025<\/p>\n","protected":false},"author":4,"featured_media":0,"parent":0,"menu_order":0,"comment_status":"closed","ping_status":"closed","template":"","meta":[],"acf":[],"_links":{"self":[{"href":"https:\/\/ieslvf-caba.infd.edu.ar\/sitio\/wp-json\/wp\/v2\/pages\/20374"}],"collection":[{"href":"https:\/\/ieslvf-caba.infd.edu.ar\/sitio\/wp-json\/wp\/v2\/pages"}],"about":[{"href":"https:\/\/ieslvf-caba.infd.edu.ar\/sitio\/wp-json\/wp\/v2\/types\/page"}],"author":[{"embeddable":true,"href":"https:\/\/ieslvf-caba.infd.edu.ar\/sitio\/wp-json\/wp\/v2\/users\/4"}],"replies":[{"embeddable":true,"href":"https:\/\/ieslvf-caba.infd.edu.ar\/sitio\/wp-json\/wp\/v2\/comments?post=20374"}],"version-history":[{"count":13,"href":"https:\/\/ieslvf-caba.infd.edu.ar\/sitio\/wp-json\/wp\/v2\/pages\/20374\/revisions"}],"predecessor-version":[{"id":20510,"href":"https:\/\/ieslvf-caba.infd.edu.ar\/sitio\/wp-json\/wp\/v2\/pages\/20374\/revisions\/20510"}],"wp:attachment":[{"href":"https:\/\/ieslvf-caba.infd.edu.ar\/sitio\/wp-json\/wp\/v2\/media?parent=20374"}],"curies":[{"name":"wp","href":"https:\/\/api.w.org\/{rel}","templated":true}]}}