{"id":2764,"date":"2018-08-29T16:03:07","date_gmt":"2018-08-29T19:03:07","guid":{"rendered":"https:\/\/ieslvf-caba.infd.edu.ar\/sitio\/nivel-primario\/"},"modified":"2018-10-09T16:07:54","modified_gmt":"2018-10-09T19:07:54","slug":"nivel-primario","status":"publish","type":"page","link":"https:\/\/ieslvf-caba.infd.edu.ar\/sitio\/nivel-primario\/","title":{"rendered":"Nivel Primario"},"content":{"rendered":"<p><span style=\"font-size: 10pt; font-family: verdana,geneva;\"><span style=\"font-size: 10pt;\">La Escuela Primaria naci\u00f3 como parte del De<span style=\"letter-spacing: 0.1pt;\">\u00ad<\/span>partamento de Aplicaci\u00f3n del Instituto del Profesorado en Lenguas Vivas y desarrolla cada tarde su actividad, en jornadas de cuatro horas y media (jornada simple)\u00a0en el horario de 13:30 a 17:40. Nuestra escuela es intensificada en la ense\u00f1anza de los idiomas franc\u00e9s e ingl\u00e9s.\u00a0<\/span><\/span><\/p>\n<p><strong>\u00bfPor qu\u00e9 es una escuela con intensificaci\u00f3n en idioma?<\/strong><\/p>\n<p>En nuestro instituto los alumnos tienen idioma extranjero desde primer grado, con una carga horaria de 5 hs. semanales. Por cada secci\u00f3n, se conforman dos grupos (la mitad de los alumnos de ingl\u00e9s y la otra mitad de franc\u00e9s). La intensificaci\u00f3n, por tanto, se define por la carga horaria y por la modalidad de trabajo en grupos reducidos. Asimismo, cada idioma cuenta con una coordinadora que sigue las trayectorias escolares de nuestros alumnos y trabaja en articulaci\u00f3n entre los distintos grados y niveles.<\/p>\n<p><strong>\u00bfEl instituto dicta cursos de idioma para ni\u00f1os?<\/strong><\/p>\n<p>No. Nuestro instituto no cuenta con cursos de ingl\u00e9s para ni\u00f1os sino para adultos.<\/p>\n<p><strong>\u00bfC\u00f3mo puedo hacer consultas?<\/strong><\/p>\n<p>Para realizar consultas o tr\u00e1mites puede completar el\u00a0<a title=\"Enviar consulta\" href=\"https:\/\/goo.gl\/forms\/Lv7Cfy1jGPrWSAJ73\" target=\"_blank\" rel=\"noopener\">Formulario de contacto y consultas<\/a><\/p>\n<p>&nbsp;<\/p>\n<p><span style=\"font-size: 10pt; font-family: verdana,geneva;\"><strong><img decoding=\"async\" loading=\"lazy\" class=\"wp-image-3066 alignleft\" src=\"https:\/\/ieslvf-caba.infd.edu.ar\/sitio\/wp-content\/uploads\/2018\/09\/mail.png\" alt=\"\" width=\"64\" height=\"32\" srcset=\"https:\/\/ieslvf-caba.infd.edu.ar\/sitio\/wp-content\/uploads\/2018\/09\/mail.png 960w, https:\/\/ieslvf-caba.infd.edu.ar\/sitio\/wp-content\/uploads\/2018\/09\/mail-768x384.png 768w\" sizes=\"(max-width: 64px) 100vw, 64px\" \/>V\u00edas de contacto:<\/strong><\/span><\/p>\n<p><span style=\"font-size: 10pt; font-family: verdana,geneva;\"><strong>Tel\u00e9fono: 4393-6898 \/ 4132 int. 122 &#8211;\u00a0<\/strong><\/span><span style=\"font-size: 10pt; font-family: verdana,geneva;\"><strong>Horario: lunes a viernes de 13.45 a 17.00 hs.<\/strong><\/span><\/p>\n<p><span style=\"font-size: 10pt; font-family: verdana,geneva;\"><strong><strong>Mail: <\/strong><\/strong><\/span><span style=\"font-family: verdana,geneva; font-size: 10pt;\"><a href=\"ieslvjrf.nivelprimario@bue.edu.ar\"><strong>ieslvjrf.nivelprimario@bue.edu.ar<\/strong><\/a>\u00a0 &#8211;\u00a0<\/span><strong><span style=\"font-size: 10pt;\">Formulario de consultas web:\u00a0\u00a0<a title=\"Enviar consulta\" href=\"https:\/\/goo.gl\/forms\/Lv7Cfy1jGPrWSAJ73\" target=\"_blank\" rel=\"noopener\">Click aqu\u00ed<\/a><\/span><\/strong><\/p>\n<p>&nbsp;<\/p>\n<p><a href=\"https:\/\/ieslvf-caba.infd.edu.ar\/sitio\/inscripcion\/\"><img decoding=\"async\" loading=\"lazy\" class=\"wp-image-3118 alignleft\" src=\"https:\/\/ieslvf-caba.infd.edu.ar\/sitio\/wp-content\/uploads\/2018\/09\/Inscripci\u00f2n.png\" alt=\"\" width=\"253\" height=\"253\" \/><\/a><\/p>\n<p style=\"text-align: left;\"><a href=\"https:\/\/lenguasvivasprimario.blogspot.com\/\"><img decoding=\"async\" loading=\"lazy\" class=\"wp-image-3116 alignleft\" src=\"https:\/\/ieslvf-caba.infd.edu.ar\/sitio\/wp-content\/uploads\/2018\/09\/Blog.png\" alt=\"\" width=\"252\" height=\"252\" \/><\/a><\/p>\n<p style=\"text-align: left;\"><a href=\"http:\/\/cor.to\/coopelvjrf\"><img decoding=\"async\" loading=\"lazy\" class=\"wp-image-3122 alignleft\" src=\"https:\/\/ieslvf-caba.infd.edu.ar\/sitio\/wp-content\/uploads\/2018\/09\/Blog-1.png\" alt=\"\" width=\"252\" height=\"253\" \/><\/a><a href=\"http:\/\/www.la-cueva-de-las-letras.blogspot.com.ar\/\"><img decoding=\"async\" loading=\"lazy\" class=\"alignleft wp-image-3208 \" src=\"https:\/\/ieslvf-caba.infd.edu.ar\/sitio\/wp-content\/uploads\/2018\/10\/La-cueva-500x500.png\" alt=\"\" width=\"241\" height=\"241\" srcset=\"https:\/\/ieslvf-caba.infd.edu.ar\/sitio\/wp-content\/uploads\/2018\/10\/La-cueva-500x500.png 500w, https:\/\/ieslvf-caba.infd.edu.ar\/sitio\/wp-content\/uploads\/2018\/10\/La-cueva-1000x1000.png 1000w, https:\/\/ieslvf-caba.infd.edu.ar\/sitio\/wp-content\/uploads\/2018\/10\/La-cueva-768x768.png 768w, https:\/\/ieslvf-caba.infd.edu.ar\/sitio\/wp-content\/uploads\/2018\/10\/La-cueva.png 1080w\" sizes=\"(max-width: 241px) 100vw, 241px\" \/><\/a><\/p>\n<p>&nbsp;<\/p>\n<p>&nbsp;<\/p>\n<p>&nbsp;<\/p>\n<p>&nbsp;<\/p>\n<p>&nbsp;<\/p>\n<p>&nbsp;<\/p>\n<header class=\"entry-header\"><\/header>\n<p>&nbsp;<\/p>\n","protected":false},"excerpt":{"rendered":"<p>La Escuela Primaria naci\u00f3 como parte del De\u00adpartamento de Aplicaci\u00f3n del Instituto del Profesorado en Lenguas Vivas y desarrolla cada tarde su actividad, en jornadas de cuatro horas y media (jornada simple)\u00a0en el horario de 13:30 a 17:40. Nuestra escuela es intensificada en la ense\u00f1anza de los idiomas franc\u00e9s e ingl\u00e9s.\u00a0 \u00bfPor qu\u00e9 es una &#8230; <a title=\"Nivel Primario\" class=\"read-more\" href=\"https:\/\/ieslvf-caba.infd.edu.ar\/sitio\/nivel-primario\/\" aria-label=\"More on Nivel Primario\">[+]<\/a><\/p>\n","protected":false},"author":3315,"featured_media":0,"parent":0,"menu_order":0,"comment_status":"closed","ping_status":"closed","template":"","meta":[],"acf":[],"_links":{"self":[{"href":"https:\/\/ieslvf-caba.infd.edu.ar\/sitio\/wp-json\/wp\/v2\/pages\/2764"}],"collection":[{"href":"https:\/\/ieslvf-caba.infd.edu.ar\/sitio\/wp-json\/wp\/v2\/pages"}],"about":[{"href":"https:\/\/ieslvf-caba.infd.edu.ar\/sitio\/wp-json\/wp\/v2\/types\/page"}],"author":[{"embeddable":true,"href":"https:\/\/ieslvf-caba.infd.edu.ar\/sitio\/wp-json\/wp\/v2\/users\/3315"}],"replies":[{"embeddable":true,"href":"https:\/\/ieslvf-caba.infd.edu.ar\/sitio\/wp-json\/wp\/v2\/comments?post=2764"}],"version-history":[{"count":33,"href":"https:\/\/ieslvf-caba.infd.edu.ar\/sitio\/wp-json\/wp\/v2\/pages\/2764\/revisions"}],"predecessor-version":[{"id":3210,"href":"https:\/\/ieslvf-caba.infd.edu.ar\/sitio\/wp-json\/wp\/v2\/pages\/2764\/revisions\/3210"}],"wp:attachment":[{"href":"https:\/\/ieslvf-caba.infd.edu.ar\/sitio\/wp-json\/wp\/v2\/media?parent=2764"}],"curies":[{"name":"wp","href":"https:\/\/api.w.org\/{rel}","templated":true}]}}