{"id":2811,"date":"2018-08-29T16:03:25","date_gmt":"2018-08-29T19:03:25","guid":{"rendered":"https:\/\/ieslvf-caba.infd.edu.ar\/sitio\/posgrado\/"},"modified":"2019-07-19T21:13:55","modified_gmt":"2019-07-20T00:13:55","slug":"posgrado","status":"publish","type":"page","link":"https:\/\/ieslvf-caba.infd.edu.ar\/sitio\/posgrado\/","title":{"rendered":"Posgrado"},"content":{"rendered":"<div id=\"contenido_sitio\">\n<p>&nbsp;<\/p>\n<div id=\"contenido_sitio\">\n<ul>\n<li>\n<h3>Post\u00edtulos<\/h3>\n<ul>\n<li><a href=\"http:\/\/ielsepostitulo.blogspot.com.ar\/\" target=\"_blank\" rel=\"noopener\">Especializaci\u00f3n Docente de Nivel Superior en Interculturalidad y Ense\u00f1anza de Espa\u00f1ol como Lengua Segunda y Extranjera (IELSE)<\/a>\n<ul>\n<li><a href=\"http:\/\/ielsepostitulo.blogspot.com.ar\/2012\/11\/informes-e-inscripcion.html\" target=\"_blank\" rel=\"noopener\">Informes e inscripci\u00f3n<\/a><\/li>\n<li><a href=\"http:\/\/ielsepostitulo.blogspot.com.ar\/2012\/11\/requisitos-para-lainscripcion-1.html\" target=\"_blank\" rel=\"noopener\">Requisitos de admisi\u00f3n<\/a><\/li>\n<\/ul>\n<\/li>\n<\/ul>\n<\/li>\n<\/ul>\n<ul>\n<li>\n<ul>\n<li><a href=\"http:\/\/eticpostitulo.blogspot.com.ar\/\" target=\"_blank\" rel=\"noopener\">Especializaci\u00f3n T\u00e9cnica en Interpretaci\u00f3n de Conferencias en la Lengua: Alem\u00e1n o Franc\u00e9s o Ingl\u00e9s o Portugu\u00e9s<\/a>\n<ul>\n<li>Informes e inscripci\u00f3n<\/li>\n<\/ul>\n<\/li>\n<\/ul>\n<\/li>\n<\/ul>\n<\/div>\n<div>\n<ul>\n<li>\n<h3>Adscripci\u00f3n a c\u00e1tedra<\/h3>\n<\/li>\n<\/ul>\n<p>La adscripci\u00f3n a c\u00e1tedra para profesores en lenguas extranjeras y traductores es una instancia de formaci\u00f3n que comprende un m\u00ednimo de dos a\u00f1os, al t\u00e9rmino de la cual se obtiene un certificado de adscripci\u00f3n en la asignatura.<\/p>\n<p>La adcripci\u00f3n tiene como objetivo capacitar al profesor de lengua extranjera\/ traductor en la did\u00e1ctica del Nivel Superior mediante la profundizaci\u00f3n de sus conocimientos en la asignatura elegida, la incorporaci\u00f3n de elementos metodol\u00f3gicos espec\u00edficos y una experiencia docente analizada con el profesor de la c\u00e1tedra; de esta manera, la adscripci\u00f3n constituye un antecedente de desempe\u00f1o acad\u00e9mico en la asignatura.<\/p>\n<\/div>\n<p>Adem\u00e1s aporta herramientas para la investigaci\u00f3n en la tem\u00e1tica que contribuyen a la producci\u00f3n del\u00a0informe monogr\u00e1fico final; de esta manera, la adscripci\u00f3n favorece el desarrollo del perfil de docente-investigador.<\/p>\n<p>Consulte el <a title=\"Reglamento de Adscripci\u00f3n\" href=\"upload\/Reglamento_de_Adscripcion__Res._CD_60_14.pdf\" target=\"_blank\" rel=\"noopener\">Reglamento de Adscripci\u00f3n<\/a><\/p>\n<p class=\"MsoNormal\"><span style=\"font-size: 10pt;\"><span style=\"font-family: verdana,geneva;\">\u00a0<\/span><\/span><\/p>\n<\/div>\n","protected":false},"excerpt":{"rendered":"<p>&nbsp; Post\u00edtulos Especializaci\u00f3n Docente de Nivel Superior en Interculturalidad y Ense\u00f1anza de Espa\u00f1ol como Lengua Segunda y Extranjera (IELSE) Informes e inscripci\u00f3n Requisitos de admisi\u00f3n Especializaci\u00f3n T\u00e9cnica en Interpretaci\u00f3n de Conferencias en la Lengua: Alem\u00e1n o Franc\u00e9s o Ingl\u00e9s o Portugu\u00e9s Informes e inscripci\u00f3n Adscripci\u00f3n a c\u00e1tedra La adscripci\u00f3n a c\u00e1tedra para profesores en lenguas &#8230; <a title=\"Posgrado\" class=\"read-more\" href=\"https:\/\/ieslvf-caba.infd.edu.ar\/sitio\/posgrado\/\" aria-label=\"More on Posgrado\">[+]<\/a><\/p>\n","protected":false},"author":3315,"featured_media":0,"parent":0,"menu_order":0,"comment_status":"closed","ping_status":"closed","template":"","meta":[],"acf":[],"_links":{"self":[{"href":"https:\/\/ieslvf-caba.infd.edu.ar\/sitio\/wp-json\/wp\/v2\/pages\/2811"}],"collection":[{"href":"https:\/\/ieslvf-caba.infd.edu.ar\/sitio\/wp-json\/wp\/v2\/pages"}],"about":[{"href":"https:\/\/ieslvf-caba.infd.edu.ar\/sitio\/wp-json\/wp\/v2\/types\/page"}],"author":[{"embeddable":true,"href":"https:\/\/ieslvf-caba.infd.edu.ar\/sitio\/wp-json\/wp\/v2\/users\/3315"}],"replies":[{"embeddable":true,"href":"https:\/\/ieslvf-caba.infd.edu.ar\/sitio\/wp-json\/wp\/v2\/comments?post=2811"}],"version-history":[{"count":2,"href":"https:\/\/ieslvf-caba.infd.edu.ar\/sitio\/wp-json\/wp\/v2\/pages\/2811\/revisions"}],"predecessor-version":[{"id":5158,"href":"https:\/\/ieslvf-caba.infd.edu.ar\/sitio\/wp-json\/wp\/v2\/pages\/2811\/revisions\/5158"}],"wp:attachment":[{"href":"https:\/\/ieslvf-caba.infd.edu.ar\/sitio\/wp-json\/wp\/v2\/media?parent=2811"}],"curies":[{"name":"wp","href":"https:\/\/api.w.org\/{rel}","templated":true}]}}