{"id":2820,"date":"2018-08-29T16:03:29","date_gmt":"2018-08-29T19:03:29","guid":{"rendered":"https:\/\/ieslvf-caba.infd.edu.ar\/sitio\/biblioteca-general\/"},"modified":"2025-05-08T16:21:50","modified_gmt":"2025-05-08T19:21:50","slug":"biblioteca-general","status":"publish","type":"page","link":"https:\/\/ieslvf-caba.infd.edu.ar\/sitio\/biblioteca-general\/","title":{"rendered":"Biblioteca General \u00ab\u00c1ngela Men\u00e9ndez\u00bb."},"content":{"rendered":"\n<div class=\"wp-block-cover alignwide is-position-center-center\" style=\"min-height:100px\" id=\"volver\"><span aria-hidden=\"true\" class=\"wp-block-cover__background has-background-dim-20 has-background-dim\"><\/span><img decoding=\"async\" loading=\"lazy\" width=\"1920\" height=\"2560\" class=\"wp-block-cover__image-background wp-image-12869\" alt=\"\" src=\"https:\/\/ieslvf-caba.infd.edu.ar\/sitio\/wp-content\/uploads\/2022\/05\/20220502_131906-scaled.jpg\" style=\"object-position:86% 33%\" data-object-fit=\"cover\" data-object-position=\"86% 33%\" srcset=\"https:\/\/ieslvf-caba.infd.edu.ar\/sitio\/wp-content\/uploads\/2022\/05\/20220502_131906-scaled.jpg 1920w, https:\/\/ieslvf-caba.infd.edu.ar\/sitio\/wp-content\/uploads\/2022\/05\/20220502_131906-750x1000.jpg 750w, https:\/\/ieslvf-caba.infd.edu.ar\/sitio\/wp-content\/uploads\/2022\/05\/20220502_131906-1425x1900.jpg 1425w, https:\/\/ieslvf-caba.infd.edu.ar\/sitio\/wp-content\/uploads\/2022\/05\/20220502_131906-768x1024.jpg 768w, https:\/\/ieslvf-caba.infd.edu.ar\/sitio\/wp-content\/uploads\/2022\/05\/20220502_131906-1152x1536.jpg 1152w, https:\/\/ieslvf-caba.infd.edu.ar\/sitio\/wp-content\/uploads\/2022\/05\/20220502_131906-1536x2048.jpg 1536w\" sizes=\"(max-width: 1920px) 100vw, 1920px\" \/><div class=\"wp-block-cover__inner-container\">\n<p class=\"has-text-align-center has-text-color\" id=\"Volver\" style=\"color:#fffffa;font-size:40px;line-height:1.1\"><strong>Biblioteca General \u00ab\u00c1ngela Men\u00e9ndez\u00bb.<\/strong><\/p>\n<\/div><\/div>\n\n\n\n<div class=\"wp-block-buttons is-horizontal is-content-justification-center is-layout-flex wp-container-1\">\n<div class=\"wp-block-button\"><a class=\"wp-block-button__link has-vivid-cyan-blue-to-vivid-purple-gradient-background has-background wp-element-button\"><strong>Biblioteca General<\/strong><\/a><\/div>\n\n\n\n<div class=\"wp-block-button\"><a class=\"wp-block-button__link has-vivid-cyan-blue-to-vivid-purple-gradient-background has-background wp-element-button\" href=\"#reg\"><strong>Reglamento<\/strong><\/a><\/div>\n\n\n\n<div class=\"wp-block-button\"><a class=\"wp-block-button__link has-vivid-cyan-blue-to-vivid-purple-gradient-background has-background wp-element-button\" href=\"https:\/\/docs.google.com\/forms\/d\/1X1MFHJJ10JZAGHqnXbOhDsRK7hL4g5My0UyYZCsyf2o\/viewform?edit_requested=true\" target=\"_blank\" rel=\"noreferrer noopener\"><strong>Inscripci\u00f3n a la Biblioteca General<\/strong><\/a><\/div>\n\n\n\n<div class=\"wp-block-button\"><a class=\"wp-block-button__link has-vivid-cyan-blue-to-vivid-purple-gradient-background has-background wp-element-button\" href=\"#donaciones\"><strong>Donaciones<\/strong><\/a><\/div>\n\n\n\n<div class=\"wp-block-button\"><a class=\"wp-block-button__link has-vivid-cyan-blue-to-vivid-purple-gradient-background has-background wp-element-button\" href=\"#informaci\u00f3n\"><strong><strong><strong>Informaci\u00f3n general<\/strong><\/strong><\/strong><\/a><\/div>\n\n\n\n<div class=\"wp-block-button\"><a class=\"wp-block-button__link has-vivid-cyan-blue-to-vivid-purple-gradient-background has-background wp-element-button\" href=\"#cat\u00e1logo\"><strong>Cat\u00e1logo en l\u00ednea<\/strong><\/a><\/div>\n\n\n\n<div class=\"wp-block-button\"><a class=\"wp-block-button__link has-vivid-cyan-blue-to-vivid-purple-gradient-background has-background wp-element-button\" href=\"#servicios\"><strong>Servicios<\/strong><\/a><\/div>\n\n\n\n<div class=\"wp-block-button\"><a class=\"wp-block-button__link has-vivid-cyan-blue-to-vivid-purple-gradient-background has-background wp-element-button\" href=\"#usuarios\"><strong>Tipos de usuarixs<\/strong><\/a><\/div>\n\n\n\n<div class=\"wp-block-button\"><a class=\"wp-block-button__link has-vivid-cyan-blue-to-vivid-purple-gradient-background has-background wp-element-button\" href=\"#recursos\"><strong>Recursos Digitales<\/strong><\/a><\/div>\n<\/div>\n\n\n\n<h4 class=\"wp-block-heading has-cyan-bluish-gray-background-color has-text-color has-background\" id=\"misi\u00f3n\" style=\"color:#001e78\"><strong><strong>Biblioteca General \u00ab\u00c1ngela Men\u00e9ndez\u00bb.<\/strong><\/strong><\/h4>\n\n\n\n<p>La&nbsp;<strong>Biblioteca General \u201c\u00c1ngela Men\u00e9ndez\u201d del I.E.S. en Lenguas Vivas \u201cJuan Ram\u00f3n Fern\u00e1ndez\u201d<\/strong>&nbsp;naci\u00f3 junto con el colegio (Escuela Normal N\u00b02), en 1904. En esa \u00e9poca la instituci\u00f3n funcionaba en Sarmiento y Esmeralda. A causa de un gran incendio ocurrido en 1962, el Instituto fue trasladado a Carlos Pellegrini 1515, edificio donado por la familia Saavedra Zelaya. El traslado de la Biblioteca a la calle Carlos Pellegrini, luego de un per\u00edodo de obligada quietud, exigi\u00f3 un gran esfuerzo por parte del personal de la casa. En 1965 qued\u00f3 otra vez en funcionamiento en el primer subsuelo de la parte nueva del edificio, y se inici\u00f3 la catalogaci\u00f3n, clasificaci\u00f3n y procesado de libros existentes en castellano, ingl\u00e9s, franc\u00e9s y portugu\u00e9s, seg\u00fan el sistema Dewey.&nbsp;<\/p>\n\n\n\n<p>En sus comienzos la Biblioteca contaba sobre todo con libros en franc\u00e9s, siguiendo la modalidad del colegio, que daba gran importancia a la difusi\u00f3n de este idioma. Con el tiempo se extendi\u00f3 al idioma ingl\u00e9s y m\u00e1s tarde al portugu\u00e9s y al alem\u00e1n.<\/p>\n\n\n\n<p>Depositaria de un&nbsp;<strong>acervo bibliogr\u00e1fico<\/strong>&nbsp;de m\u00e1s de&nbsp;<strong>50.000 vol\u00famenes<\/strong>, ubicados en&nbsp;<strong>estanter\u00eda cerrada y lectura in situ<\/strong>, la Biblioteca contiene material valioso, en algunos casos \u00fanico en el pa\u00eds, relacionado con la ense\u00f1anza de las lenguas vivas en la Argentina.<\/p>\n\n\n\n<p>La Colecci\u00f3n se conforma de donaciones de docentes, estudiantes, graduados as\u00ed como tambi\u00e9n de personalidades destacadas dentro y fuera de la instituci\u00f3n. Entre algunas de ellas; Rosa Moure de Vicien (Ex Rectora, 1964-1968), Alejandra Pizarnik, Alfonsina Storni, Clarice Lispector, Osvaldo Rossler, Sergio Viaggio, Elsa Osorio, Else Hamayan.<\/p>\n\n\n\n<p>Dentro de la misma destacan:<\/p>\n\n\n\n<ul>\n<li>Bibliograf\u00eda sobre ense\u00f1anza de idiomas.&nbsp;<\/li>\n\n\n\n<li>Literatura, teor\u00eda y cr\u00edtica literaria.<\/li>\n\n\n\n<li>Literatura en ingl\u00e9s.<\/li>\n\n\n\n<li>Literatura en portugu\u00e9s (Portugal y Brasil).<\/li>\n\n\n\n<li>Obras de referencia: diccionarios generales, especializados y enciclopedias en varias lenguas (Ingl\u00e9s, Portugu\u00e9s, Franc\u00e9s, Italiano, Japon\u00e9s).<\/li>\n\n\n\n<li>Colecci\u00f3n de Estudios de Traducci\u00f3n.<\/li>\n\n\n\n<li>Colecci\u00f3n de la Revista Sur.<\/li>\n\n\n\n<li>Obras completas de Shakespeare y su cr\u00edtica.<\/li>\n\n\n\n<li>Formaci\u00f3n Docente del Ministerio de Educaci\u00f3n de la Naci\u00f3n.<\/li>\n<\/ul>\n\n\n\n<p>Su<strong>&nbsp;misi\u00f3n<\/strong>&nbsp;es la de&nbsp;<strong>satisfacer las necesidades de informaci\u00f3n especializada y educacional de la comunidad de usuarios<\/strong>. As\u00ed como tambi\u00e9n reunir, preservar y difundir la producci\u00f3n acad\u00e9mica de los investigadores que trabajan en el IESLV JRF.<br>En&nbsp;<strong>2017<\/strong>, la&nbsp;<strong>Biblioteca General<\/strong>&nbsp;inici\u00f3 las tareas de ingreso y catalogaci\u00f3n de sus fondos bibliogr\u00e1ficos en el Cat\u00e1logo de las Bibliotecas del Lenguas, a trav\u00e9s del&nbsp;<strong>Sistema Integrado de Gesti\u00f3n de Bibliotecas (SIGB)&nbsp;<em>Koha<\/em><\/strong>, software libre o de c\u00f3digo abierto.<\/p>\n\n\n\n<p class=\"has-text-align-center\"><strong>\u00c1ngela G. Men\u00e9ndez (1867-1902)<\/strong><\/p>\n\n\n\n<p class=\"has-text-align-center\"><em>(Fuente: Comisi\u00f3n de homenaje \u00e1 \u00c1ngela G. Men\u00e9ndez &#8211; \u00c1 \u00c1ngela Men\u00e9ndez : en recuerdo y homenaje : Agosto 2 de 1905. Texto obtenido del <a href=\"https:\/\/fondodocumentallv.com.ar\/angela-menendez\/\" target=\"_blank\" rel=\"noreferrer noopener\">Fondo Documental del IESLV JRF<\/a>)<\/em><\/p>\n\n\n\n<p class=\"has-text-align-left\"><br>[Naci\u00f3 en Buenos Aires, el 2 de agosto de 1867]. A los 16 a\u00f1os obtuvo el t\u00edtulo de profesora normal. Hab\u00eda hecho sus estudios bajo la direcci\u00f3n de Miss Caprile, y apenas terminados empez\u00f3 a desempe\u00f1ar puestos en la ense\u00f1anza.<\/p>\n\n\n\n<p class=\"has-text-align-left\">En la parroquia de Balvanera fund\u00f3 una escuela nocturna, y la escuela graduada para ni\u00f1os en el distrito 14. Fund\u00f3 asimismo la escuela de comercio para mujeres, y posteriormente desempe\u00f1\u00f3 la direcci\u00f3n de la Escuela Normal n\u00famero 2, hasta que fue jubilada el 14 de<br>marzo de este a\u00f1o [1902].<\/p>\n\n\n\n<p class=\"has-text-align-left\">Ha escrito varios textos, entre ellos uno de franc\u00e9s, para la ense\u00f1anza de este idioma en las escuelas, de cuya innovaci\u00f3n fue partidaria decidida. Por estos motivos el gobierno franc\u00e9s la nombr\u00f3 oficial de la Academia y le envi\u00f3 las palmas como insignia.<\/p>\n\n\n\n<p class=\"has-text-align-left\">Su \u00faltimo trabajo ha sido un texto de Historia Argentina, aprobado por el Consejo de Educaci\u00f3n, y del cual se ocup\u00f3 con elogio este diario [La Prensa] y toda la prensa de la Capital.<\/p>\n\n\n\n<p class=\"has-text-align-left\">En la Exposici\u00f3n de Chicago se le concedi\u00f3 una menci\u00f3n honor\u00edfica por sus trabajos pedag\u00f3gicos. Formul\u00f3 un interesante proyecto de cajas de ahorro escolares: ha desempe\u00f1ado durante varios a\u00f1os las C\u00e1tedras de Historia Argentina, Pedagog\u00eda e Instrucci\u00f3n C\u00edvica, y ha formado parte de todas las comisiones formadas para las reformas de los programas y la revisi\u00f3n de los textos. Su labor, en suma, ha sido abundante y de subido precio.<\/p>\n\n\n<div class=\"wp-block-image\">\n<figure class=\"aligncenter size-full\"><img decoding=\"async\" loading=\"lazy\" width=\"379\" height=\"457\" src=\"https:\/\/ieslvf-caba.infd.edu.ar\/sitio\/wp-content\/uploads\/2024\/08\/bgral.png\" alt=\"\" class=\"wp-image-18071\"\/><\/figure><\/div>\n\n\n<p class=\"has-text-align-center\">Retrato al carb\u00f3n ejecutado por la se\u00f1orita Arminda D\u00edaz y donado a la Escuela Normal de Profesoras<\/p>\n\n\n\n<p class=\"has-small-font-size\"><a href=\"#Volver\" data-type=\"internal\" data-id=\"#Volver\">volver<\/a><\/p>\n\n\n\n<h4 class=\"wp-block-heading has-cyan-bluish-gray-background-color has-text-color has-background\" id=\"reg\" style=\"color:#001e78\"><strong>Reglamento de la Biblioteca General<\/strong><\/h4>\n\n\n\n<p><a href=\"https:\/\/ieslvf-caba.infd.edu.ar\/sitio\/normativa\/upload\/Reglamento_de_Biblioteca_Res_CD_119-12.pdf\" target=\"_blank\" rel=\"noreferrer noopener\">Ver reglamento<\/a><\/p>\n\n\n\n<p class=\"has-small-font-size\"><a href=\"#Volver\" data-type=\"internal\" data-id=\"#Volver\">volver<\/a><\/p>\n\n\n\n<h4 class=\"wp-block-heading has-cyan-bluish-gray-background-color has-text-color has-background\" id=\"donaciones\" style=\"color:#001e78\"><strong>Donaciones<\/strong><\/h4>\n\n\n\n<p><a href=\"https:\/\/ieslvf-caba.infd.edu.ar\/sitio\/wp-content\/uploads\/2025\/05\/Politica-de-donaciones-2025.docx.pdf\" target=\"_blank\" rel=\"noreferrer noopener\">Procedimiento para\u00a0las\u00a0donaciones click aqu\u00ed<\/a><\/p>\n\n\n\n<p class=\"has-small-font-size\"><a href=\"#Volver\" data-type=\"internal\" data-id=\"#Volver\">volver<\/a><\/p>\n\n\n\n<h4 class=\"wp-block-heading has-cyan-bluish-gray-background-color has-text-color has-background\" id=\"informaci\u00f3n\" style=\"color:#001e78\"><strong><strong><strong>Informaci\u00f3n general<\/strong><\/strong><\/strong><\/h4>\n\n\n\n<p><strong>Horario: <\/strong>lunes a viernes de 8 A 21 hs.<br><strong>Instagram:<\/strong> <a rel=\"noreferrer noopener\" href=\"https:\/\/www.instagram.com\/biblioteca_ieslv_jrf\/\" target=\"_blank\">@biblioteca.ieslv.jrf<\/a><br><strong>Email:<\/strong> <a href=\"Email:&nbsp;bibliotecalenguasvivas@gmail.com\">bibliotecalenguasvivas@gmail.com&nbsp;<\/a><br><strong>Blog: <\/strong><a rel=\"noreferrer noopener\" href=\"http:\/\/bibliotecalenguasvivas.blogspot.com\/\" target=\"_blank\">https:\/\/bibliotecalenguasvivas.blogspot.com\/ <\/a><\/p>\n\n\n\n<p><br><strong>Responsables<\/strong>:<strong><br><\/strong>&nbsp;Fernando Molle, Sonia Iannone, Carolina D. Pitetti y Maricel Zelaray\u00e1n Fr\u00edas<\/p>\n\n\n\n<p><\/p>\n\n\n\n<p class=\"has-small-font-size\"><a href=\"#Volver\" data-type=\"internal\" data-id=\"#Volver\">volver<\/a><\/p>\n\n\n\n<h4 class=\"wp-block-heading has-cyan-bluish-gray-background-color has-text-color has-background\" id=\"cat\u00e1logo\" style=\"color:#001e78\"><strong>Cat\u00e1logo en l\u00ednea<\/strong><\/h4>\n\n\n\n<p>El <strong>Cat\u00e1logo Colectivo de las Bibliotecas del IESLV \u201cJuan Ram\u00f3n Fern\u00e1ndez\u201d<\/strong> es una plataforma que re\u00fane las bases de datos de los cat\u00e1logos de las bibliotecas del Instituto <strong>(Biblioteca General, Biblioteca de Franc\u00e9s, Biblioteca de Alem\u00e1n, Biblioteca Instituto Cam\u00f5es y Biblioteca \u201cLa Cueva de las Letras\u201d<\/strong>), con el objetivo de facilitar, desde una misma plataforma la b\u00fasqueda y localizaci\u00f3n de ejemplares que cada biblioteca posee y pone a disposici\u00f3n de los usuarios del IESLV JRF.<\/p>\n\n\n\n<p><a rel=\"noreferrer noopener\" href=\"http:\/\/186.139.166.165\/\" target=\"_blank\">Link al cat\u00e1logo en l\u00ednea<\/a><\/p>\n\n\n\n<p class=\"has-small-font-size\"><a href=\"#Volver\" data-type=\"internal\" data-id=\"#Volver\">volver<\/a><\/p>\n\n\n\n<h4 class=\"wp-block-heading has-cyan-bluish-gray-background-color has-text-color has-background\" id=\"servicios\" style=\"color:#001e78\"><strong>Servicios<\/strong><\/h4>\n\n\n\n<ul>\n<li><strong>Atenci\u00f3n al usuario:<\/strong> resolver demandas informativas de manera presencial y por correo electr\u00f3nico e Instagram.<\/li>\n\n\n\n<li><strong>Consulta y lectura in situ.<\/strong><\/li>\n\n\n\n<li><a href=\"http:\/\/186.139.166.165\/\"><strong>Cat\u00e1logo en l\u00ednea:<\/strong><\/a> disponible en la web del IES en Lenguas Vivas \u201cJuan R. Fern\u00e1ndez\u201d. El usuario puede acceder a la b\u00fasqueda bibliogr\u00e1fica por autor\/es de la\/s obra\/s.<\/li>\n\n\n\n<li><strong>Pr\u00e9stamo de material bibliogr\u00e1fico:<\/strong> los usuarios tienen a disposici\u00f3n el <a href=\"http:\/\/186.139.166.165\/\">cat\u00e1logo en l\u00ednea<\/a>, con posibilidad de solicitar pr\u00e9stamos a domicilio y\/o consultar en la Biblioteca, de acuerdo con el reglamento vigente.<\/li>\n\n\n\n<li><strong>Pr\u00e9stamo de netbooks \u201cPlan Sarmiento\u201d<\/strong>: los usuarios de nivel terciario (estudiantes y docentes) tienen a disposici\u00f3n las netbooks del \u201cPlan Sarmiento\u201d para su uso dentro de la instituci\u00f3n.<\/li>\n\n\n\n<li><strong>Reserva de material bibliogr\u00e1fico:<\/strong> los usuarios pueden realizar la reserva sobre ejemplares que se encuentren en pr\u00e9stamo a domicilio.<\/li>\n\n\n\n<li><strong>Renovaci\u00f3n de pr\u00e9stamos de libros.<\/strong><\/li>\n\n\n\n<li><strong>Formaci\u00f3n de usuarios y DSI<\/strong> (Diseminaci\u00f3n Selectiva de la Informaci\u00f3n).<\/li>\n\n\n\n<li><strong>Listas bibliogr\u00e1ficas de \u00faltimos ingresos y recomendaciones.<\/strong><\/li>\n<\/ul>\n\n\n\n<p class=\"has-small-font-size\"><a href=\"#Volver\" data-type=\"internal\" data-id=\"#Volver\">volver<\/a><\/p>\n\n\n\n<h4 class=\"wp-block-heading has-cyan-bluish-gray-background-color has-text-color has-background\" id=\"usuarios\" style=\"color:#001e78\"><strong>Tipos de usuarixs<\/strong><\/h4>\n\n\n\n<p>La <strong>Biblioteca General<\/strong> brinda sus servicios a usuarios presenciales y remotos, que comprenden la siguiente tipolog\u00eda:<\/p>\n\n\n\n<ul>\n<li>Estudiantes de nivel secundario y terciario de todas las carreras.<\/li>\n\n\n\n<li>Docentes de nivel secundario, terciario y post\u00edtulos.<\/li>\n\n\n\n<li>Investigadores vinculados a proyectos de la instituci\u00f3n.&nbsp;&nbsp;&nbsp;&nbsp;&nbsp;&nbsp;&nbsp;&nbsp;&nbsp;&nbsp;&nbsp;&nbsp;<\/li>\n\n\n\n<li>Personal del IESLV JRF.<\/li>\n\n\n\n<li>Estudiantes <a href=\"https:\/\/ieslvf-caba.infd.edu.ar\/sitio\/aens-cursos-de-idiomas\/\">AENS<\/a> y <a href=\"https:\/\/ieslvf-caba.infd.edu.ar\/sitio\/aens-ele-espanol-lengua-extranjera\/\">AENS ELE<\/a>.<\/li>\n<\/ul>\n\n\n\n<p class=\"has-small-font-size\"><a href=\"#Volver\" data-type=\"internal\" data-id=\"#Volver\">volver<\/a><\/p>\n\n\n\n<h4 class=\"wp-block-heading has-cyan-bluish-gray-background-color has-text-color has-background\" id=\"recursos\" style=\"color:#001e78\"><strong>Recursos Digitales<\/strong><\/h4>\n\n\n\n<p><strong>Diccionarios<\/strong><\/p>\n\n\n\n<ul>\n<li><a href=\"https:\/\/www.rae.es\/\">Diccionario RAE (Real Academia Espa\u00f1ola)<\/a><\/li>\n\n\n\n<li><a href=\"https:\/\/www.wordreference.com\/es\/\">Diccionario WordReference<\/a>. Diccionarios biling\u00fces online<\/li>\n\n\n\n<li><a href=\"https:\/\/www.wordreference.com\/ptes\/\">O Gran diccionario espa\u00f1ol \u2013 portug\u00faes, portugu\u00eas \u2013 espanhol Espasa Calpe<\/a><\/li>\n\n\n\n<li><a href=\"https:\/\/www.dicionarioinformal.com.br\/\">Dicion\u00e1rio inFormal: O dicion\u00e1rio de portug\u00eas gratuito para Internet<\/a><\/li>\n\n\n\n<li><a href=\"https:\/\/www.larousse.fr\/dictionnaires\/francais\">Diccionario Larousse<\/a>. Diccionario en franc\u00e9s. L\u00e9xico, Sin\u00f3nimos, ant\u00f3nimos, conjugaci\u00f3n<\/li>\n\n\n\n<li><a href=\"https:\/\/es.langenscheidt.com\/aleman-espanol\/\">Diccionario Langensheidt<\/a>. Diccionario Alem\u00e1n-Espa\u00f1ol<\/li>\n<\/ul>\n\n\n\n<p><strong>Revistas electr\u00f3nicas<\/strong><\/p>\n\n\n\n<ul>\n<li><a href=\"https:\/\/ieslvf-caba.infd.edu.ar\/sitio\/revista-lenguas-vivas\/\">Revista Lenguas V;vas<\/a><\/li>\n\n\n\n<li><a href=\"https:\/\/revistas.udea.edu.co\/index.php\/mutatismutandis\">Mutatis Mutandis &#8211; Revista Latinoamericana de Traducci\u00f3n<\/a><\/li>\n\n\n\n<li><a href=\"http:\/\/www.lalinternadeltraductor.org\/n19\/index.html\">La linterna del traductor<\/a><\/li>\n\n\n\n<li><a href=\"https:\/\/revistaseug.ugr.es\/index.php\/sendebar\">Sendebar &#8211; Revista de Traducci\u00f3n e Interpretaci\u00f3n<\/a><\/li>\n\n\n\n<li><a href=\"https:\/\/vasoscomunicantes.ace-traductores.org\/\">Vasos comunicantes &#8211; Revista de ACE Traductores<\/a><\/li>\n\n\n\n<li><a href=\"https:\/\/cvc.cervantes.es\/trujaman\/\">Trujam\u00e1n &#8211; Revista de Traducci\u00f3n<\/a><\/li>\n\n\n\n<li><a href=\"https:\/\/journals.openedition.org\/traduire\/\">Traduire &#8211; Revue fran\u00e7aise de la traduction<\/a><\/li>\n\n\n\n<li><a href=\"https:\/\/revistes.ub.edu\/index.php\/transfer\">Transfer &#8211; Revista electr\u00f3nica sobre traducci\u00f3n e interculturalidad<\/a><\/li>\n<\/ul>\n\n\n\n<p><strong>Repositorios<\/strong><\/p>\n\n\n\n<ul>\n<li><a href=\"https:\/\/www.redalyc.org\/home.oa\">Redalyc &#8211; Colecci\u00f3n de revistas y art\u00edculos cient\u00edficos a texto completo de Ciencias Sociales, Ciencias Naturales y Exactas, Humanidades y Arquitectura.<\/a><\/li>\n\n\n\n<li><a href=\"https:\/\/repositoriosdigitales.mincyt.gob.ar\/vufind\/\">Repositorios digitales MINCyT &#8211; Sistema Nacional de Repositorios Digitales. Red interoperable de repositorios digitales en ciencia y tecnolog\u00eda.<\/a><\/li>\n<\/ul>\n\n\n\n<p><strong>Otros recursos<\/strong><\/p>\n\n\n\n<ul>\n<li><a href=\"https:\/\/www.mendeley.com\/\">Mendeley &#8211; Gestor bibliogr\u00e1fico<\/a><\/li>\n\n\n\n<li>Zotero &#8211; Gestor bibliogr\u00e1fico<\/li>\n\n\n\n<li><a href=\"https:\/\/normas-apa.org\/wp-content\/uploads\/Guia-Normas-APA-7ma-edicion.pdf\">Normas APA, 7a ed. (2020)<\/a><\/li>\n<\/ul>\n\n\n\n<p><\/p>\n\n\n\n<p class=\"has-small-font-size\"><a href=\"#Volver\" data-type=\"internal\" data-id=\"#Volver\">volver<\/a><\/p>\n","protected":false},"excerpt":{"rendered":"<p>Biblioteca General \u00ab\u00c1ngela Men\u00e9ndez\u00bb. La&nbsp;Biblioteca General \u201c\u00c1ngela Men\u00e9ndez\u201d del I.E.S. en Lenguas Vivas \u201cJuan Ram\u00f3n Fern\u00e1ndez\u201d&nbsp;naci\u00f3 junto con el colegio (Escuela Normal N\u00b02), en 1904. En esa \u00e9poca la instituci\u00f3n funcionaba en Sarmiento y Esmeralda. A causa de un gran incendio ocurrido en 1962, el Instituto fue trasladado a Carlos Pellegrini 1515, edificio donado por &#8230; <a title=\"Biblioteca General \u00ab\u00c1ngela Men\u00e9ndez\u00bb.\" class=\"read-more\" href=\"https:\/\/ieslvf-caba.infd.edu.ar\/sitio\/biblioteca-general\/\" aria-label=\"More on Biblioteca General \u00ab\u00c1ngela Men\u00e9ndez\u00bb.\">[+]<\/a><\/p>\n","protected":false},"author":3315,"featured_media":0,"parent":0,"menu_order":0,"comment_status":"closed","ping_status":"closed","template":"","meta":[],"acf":[],"_links":{"self":[{"href":"https:\/\/ieslvf-caba.infd.edu.ar\/sitio\/wp-json\/wp\/v2\/pages\/2820"}],"collection":[{"href":"https:\/\/ieslvf-caba.infd.edu.ar\/sitio\/wp-json\/wp\/v2\/pages"}],"about":[{"href":"https:\/\/ieslvf-caba.infd.edu.ar\/sitio\/wp-json\/wp\/v2\/types\/page"}],"author":[{"embeddable":true,"href":"https:\/\/ieslvf-caba.infd.edu.ar\/sitio\/wp-json\/wp\/v2\/users\/3315"}],"replies":[{"embeddable":true,"href":"https:\/\/ieslvf-caba.infd.edu.ar\/sitio\/wp-json\/wp\/v2\/comments?post=2820"}],"version-history":[{"count":48,"href":"https:\/\/ieslvf-caba.infd.edu.ar\/sitio\/wp-json\/wp\/v2\/pages\/2820\/revisions"}],"predecessor-version":[{"id":19868,"href":"https:\/\/ieslvf-caba.infd.edu.ar\/sitio\/wp-json\/wp\/v2\/pages\/2820\/revisions\/19868"}],"wp:attachment":[{"href":"https:\/\/ieslvf-caba.infd.edu.ar\/sitio\/wp-json\/wp\/v2\/media?parent=2820"}],"curies":[{"name":"wp","href":"https:\/\/api.w.org\/{rel}","templated":true}]}}