{"id":2887,"date":"2018-08-29T16:03:54","date_gmt":"2018-08-29T19:03:54","guid":{"rendered":"https:\/\/ieslvf-caba.infd.edu.ar\/sitio\/actualizacion-e-innovacion-educativa\/"},"modified":"2021-10-26T11:18:07","modified_gmt":"2021-10-26T14:18:07","slug":"actualizacion-e-innovacion-educativa","status":"publish","type":"page","link":"https:\/\/ieslvf-caba.infd.edu.ar\/sitio\/actualizacion-e-innovacion-educativa\/","title":{"rendered":"Actualizaci\u00f3n e Innovaci\u00f3n Educativa"},"content":{"rendered":"\n<div class=\"wp-block-cover alignwide has-background-dim-20 has-background-dim is-position-center-center\" style=\"min-height:100px\"><img decoding=\"async\" loading=\"lazy\" width=\"1201\" height=\"801\" class=\"wp-block-cover__image-background wp-image-10640\" alt=\"\" src=\"https:\/\/ieslvf-caba.infd.edu.ar\/sitio\/wp-content\/uploads\/2021\/10\/man-using-digital-tablet-psd-mockup-smart-technology.jpg\" style=\"object-position:40% 26%\" data-object-fit=\"cover\" data-object-position=\"40% 26%\" srcset=\"https:\/\/ieslvf-caba.infd.edu.ar\/sitio\/wp-content\/uploads\/2021\/10\/man-using-digital-tablet-psd-mockup-smart-technology.jpg 1201w, https:\/\/ieslvf-caba.infd.edu.ar\/sitio\/wp-content\/uploads\/2021\/10\/man-using-digital-tablet-psd-mockup-smart-technology-1000x667.jpg 1000w, https:\/\/ieslvf-caba.infd.edu.ar\/sitio\/wp-content\/uploads\/2021\/10\/man-using-digital-tablet-psd-mockup-smart-technology-768x512.jpg 768w\" sizes=\"(max-width: 1201px) 100vw, 1201px\" \/><div class=\"wp-block-cover__inner-container\">\n<p class=\"has-text-align-center has-text-color\" style=\"color:#fffffa;font-size:40px;line-height:1.1\"><strong>Actualizaci\u00f3n e Innovaci\u00f3n Educativa<\/strong><\/p>\n<\/div><\/div>\n\n\n<h2><span style=\"color: #333399;\"><strong>Campus Virtual<\/strong><\/span><\/h2>\n<p><span style=\"color: #333399;\"><span style=\"color: #000000;\">Desde el IES en Lenguas Vivas Juan Ram\u00f3n Fern\u00e1ndez pretendemos promover la adopci\u00f3n de este recurso did\u00e1ctico como una estrategia m\u00e1s para incorporar en sus clases. <\/span><\/span>Pod\u00e9s <span style=\"color: #0000ff;\"><a style=\"color: #0000ff;\" href=\"https:\/\/ieslvf-caba.infd.edu.ar\/aula\/escritorio.cgi\" target=\"_blank\" rel=\"noopener\">ingresar desde aqu\u00ed<\/a><\/span><span style=\"color: #333399;\"><span style=\"color: #000000;\">.<\/span><br \/><span style=\"color: #000000;\">Tambi\u00e9n pod\u00e9s descargar el \u201c<span style=\"color: #0000ff;\"><a style=\"color: #0000ff;\" href=\"https:\/\/ieslvf-caba.infd.edu.ar\/sitio\/wp-content\/uploads\/2019\/03\/INSTRUCTIVO-aula-virtual-feb-2019-convertido.pdf\" target=\"_blank\" rel=\"noopener\">Instructivo: Utilizaci\u00f3n del Aula Virtual<\/a><\/span>\u201d, una propuesta para orientar a los docentes de nuestro instituto acerca de los posibles usos que pueden darles a las aulas virtuales y ayudarlos a llevarlos a cabo.<\/span><\/span><\/p>\n<p>\u00a0<\/p>\n<h2><span style=\"color: #333399;\"><strong>Campus Virtual INTEC<\/strong><\/span><\/h2>\n<p>El <span style=\"color: #333399;\"><a style=\"color: #333399;\" href=\"https:\/\/campusvirtualintec.buenosaires.gob.ar\/\" target=\"_blank\" rel=\"noopener\"><span style=\"color: #0000ff;\">Campus Virtual de Educaci\u00f3n Digital<\/span><\/a><span style=\"color: #000000;\"> es un espacio de formaci\u00f3n y acompa\u00f1amiento pedag\u00f3gico tendiente a integrar la cultura digital en las escuelas de la Ciudad Aut\u00f3noma de Buenos Aires.<\/span><\/span><br \/><span style=\"color: #000000;\">Est\u00e1 gestionado por la Gerencia Operativa Incorporaci\u00f3n de Tecnolog\u00edas e Innovaci\u00f3n Educativa (INTEC) dependiente de la Direcci\u00f3n General de Tecnolog\u00eda Educativa de la Subsecretar\u00eda de Planeamiento e Innovaci\u00f3n Educativa del Ministerio de Educaci\u00f3n de la Ciudad Aut\u00f3noma de Buenos Aires, Rep\u00fablica Argentina.<\/span><\/p>\n<p>\u00a0<\/p>\n<h2><span style=\"color: #333399;\">Instituto Nacional de Formaci\u00f3n Docente (INFod)<\/span><\/h2>\n<p>Propuestas virtuales de formaci\u00f3n docente especializada. <span style=\"color: #0000ff;\"><a style=\"color: #0000ff;\" href=\"https:\/\/infod.educacion.gob.ar\/novedades\" target=\"_blank\" rel=\"noopener\">Ingres\u00e1<\/a><\/span> para conocer los cursos disponibles.<\/p>\n<p>\u00a0<\/p>\n<h2><span style=\"color: #333399;\"><strong>Plan S@rmiento BA<\/strong><\/span><\/h2>\n<p><img decoding=\"async\" loading=\"lazy\" title=\"Plan Sarmiento logo\" src=\"https:\/\/ieslvf-caba.infd.edu.ar\/sitio\/wp-content\/uploads\/2018\/08\/Plan-Sarmiento-Logo.jpg\" alt=\"Plan Sarmiento logo\" width=\"150\" height=\"53\" border=\"0\" \/><\/p>\n<p>El <a href=\"https:\/\/www.buenosaires.gob.ar\/sarmientoba\" target=\"_blank\" rel=\"noopener\"><span style=\"color: #0000ff;\">Plan S@rmiento BA<\/span><\/a> es el camino hacia la innovaci\u00f3n en los procesos de ense\u00f1anza y aprendizaje, en el marco de los desaf\u00edos que plantea la sociedad digital.<\/p>\n\n\n<p><\/p>\n","protected":false},"excerpt":{"rendered":"<p>Campus Virtual Desde el IES en Lenguas Vivas Juan Ram\u00f3n Fern\u00e1ndez pretendemos promover la adopci\u00f3n de este recurso did\u00e1ctico como una estrategia m\u00e1s para incorporar en sus clases. Pod\u00e9s ingresar desde aqu\u00ed.Tambi\u00e9n pod\u00e9s descargar el \u201cInstructivo: Utilizaci\u00f3n del Aula Virtual\u201d, una propuesta para orientar a los docentes de nuestro instituto acerca de los posibles usos &#8230; <a title=\"Actualizaci\u00f3n e Innovaci\u00f3n Educativa\" class=\"read-more\" href=\"https:\/\/ieslvf-caba.infd.edu.ar\/sitio\/actualizacion-e-innovacion-educativa\/\" aria-label=\"More on Actualizaci\u00f3n e Innovaci\u00f3n Educativa\">[+]<\/a><\/p>\n","protected":false},"author":3315,"featured_media":0,"parent":0,"menu_order":0,"comment_status":"closed","ping_status":"closed","template":"","meta":[],"acf":[],"_links":{"self":[{"href":"https:\/\/ieslvf-caba.infd.edu.ar\/sitio\/wp-json\/wp\/v2\/pages\/2887"}],"collection":[{"href":"https:\/\/ieslvf-caba.infd.edu.ar\/sitio\/wp-json\/wp\/v2\/pages"}],"about":[{"href":"https:\/\/ieslvf-caba.infd.edu.ar\/sitio\/wp-json\/wp\/v2\/types\/page"}],"author":[{"embeddable":true,"href":"https:\/\/ieslvf-caba.infd.edu.ar\/sitio\/wp-json\/wp\/v2\/users\/3315"}],"replies":[{"embeddable":true,"href":"https:\/\/ieslvf-caba.infd.edu.ar\/sitio\/wp-json\/wp\/v2\/comments?post=2887"}],"version-history":[{"count":11,"href":"https:\/\/ieslvf-caba.infd.edu.ar\/sitio\/wp-json\/wp\/v2\/pages\/2887\/revisions"}],"predecessor-version":[{"id":11157,"href":"https:\/\/ieslvf-caba.infd.edu.ar\/sitio\/wp-json\/wp\/v2\/pages\/2887\/revisions\/11157"}],"wp:attachment":[{"href":"https:\/\/ieslvf-caba.infd.edu.ar\/sitio\/wp-json\/wp\/v2\/media?parent=2887"}],"curies":[{"name":"wp","href":"https:\/\/api.w.org\/{rel}","templated":true}]}}

Actualización e Innovación Educativa

<div class="wp-block-cover alignwide has-background-dim-20 has-background-dim is-position-center-center" style="min-height:100px"><img decoding="async" loading="lazy" width="1201" height="801" class="wp-block-cover__image-background wp-image-10640" alt="" src="https://ieslvf-caba.infd.edu.ar/sitio/wp-content/uploads/2021/10/man-using-digital-tablet-psd-mockup-smart-technology.jpg" style="object-position:40% 26%" data-object-fit="cover" data-object-position="40% 26%" srcset="https://ieslvf-caba.infd.edu.ar/sitio/wp-content/uploads/2021/10/man-using-digital-tablet-psd-mockup-smart-technology.jpg 1201w, https://ieslvf-caba.infd.edu.ar/sitio/wp-content/uploads/2021/10/man-using-digital-tablet-psd-mockup-smart-technology-1000x667.jpg 1000w, https://ieslvf-caba.infd.edu.ar/sitio/wp-content/uploads/2021/10/man-using-digital-tablet-psd-mockup-smart-technology-768x512.jpg 768w" sizes="(max-width: 1201px) 100vw, 1201px" /><div class="wp-block-cover__inner-container">
<p class="has-text-align-center has-text-color" style="color:#fffffa;font-size:40px;line-height:1.1"><strong>Actualización e Innovación Educativa</strong></p>
</div></div>


<h2><span style="color: #333399;"><strong>Campus Virtual</strong></span></h2>
<p><span style="color: #333399;"><span style="color: #000000;">Desde el IES en Lenguas Vivas Juan Ramón Fernández pretendemos promover la adopción de este recurso didáctico como una estrategia más para incorporar en sus clases. </span></span>Podés <span style="color: #0000ff;"><a style="color: #0000ff;" href="https://ieslvf-caba.infd.edu.ar/aula/escritorio.cgi" target="_blank" rel="noopener">ingresar desde aquí</a></span><span style="color: #333399;"><span style="color: #000000;">.</span><br /><span style="color: #000000;">También podés descargar el “<span style="color: #0000ff;"><a style="color: #0000ff;" href="https://ieslvf-caba.infd.edu.ar/sitio/wp-content/uploads/2019/03/INSTRUCTIVO-aula-virtual-feb-2019-convertido.pdf" target="_blank" rel="noopener">Instructivo: Utilización del Aula Virtual</a></span>”, una propuesta para orientar a los docentes de nuestro instituto acerca de los posibles usos que pueden darles a las aulas virtuales y ayudarlos a llevarlos a cabo.</span></span></p>
<p> </p>
<h2><span style="color: #333399;"><strong>Campus Virtual INTEC</strong></span></h2>
<p>El <span style="color: #333399;"><a style="color: #333399;" href="https://campusvirtualintec.buenosaires.gob.ar/" target="_blank" rel="noopener"><span style="color: #0000ff;">Campus Virtual de Educación Digital</span></a><span style="color: #000000;"> es un espacio de formación y acompañamiento pedagógico tendiente a integrar la cultura digital en las escuelas de la Ciudad Autónoma de Buenos Aires.</span></span><br /><span style="color: #000000;">Está gestionado por la Gerencia Operativa Incorporación de Tecnologías e Innovación Educativa (INTEC) dependiente de la Dirección General de Tecnología Educativa de la Subsecretaría de Planeamiento e Innovación Educativa del Ministerio de Educación de la Ciudad Autónoma de Buenos Aires, República Argentina.</span></p>
<p> </p>
<h2><span style="color: #333399;">Instituto Nacional de Formación Docente (INFod)</span></h2>
<p>Propuestas virtuales de formación docente especializada. <span style="color: #0000ff;"><a style="color: #0000ff;" href="https://infod.educacion.gob.ar/novedades" target="_blank" rel="noopener">Ingresá</a></span> para conocer los cursos disponibles.</p>
<p> </p>
<h2><span style="color: #333399;"><strong>Plan S@rmiento BA</strong></span></h2>
<p><img decoding="async" loading="lazy" title="Plan Sarmiento logo" src="https://ieslvf-caba.infd.edu.ar/sitio/wp-content/uploads/2018/08/Plan-Sarmiento-Logo.jpg" alt="Plan Sarmiento logo" width="150" height="53" border="0" /></p>
<p>El <a href="https://www.buenosaires.gob.ar/sarmientoba" target="_blank" rel="noopener"><span style="color: #0000ff;">Plan S@rmiento BA</span></a> es el camino hacia la innovación en los procesos de enseñanza y aprendizaje, en el marco de los desafíos que plantea la sociedad digital.</p>


<p></p>

<p>Campus Virtual Desde el IES en Lenguas Vivas Juan Ramón Fernández pretendemos promover la adopción de este recurso didáctico como una estrategia más para incorporar en sus clases. Podés ingresar desde aquí.También podés descargar el “Instructivo: Utilización del Aula Virtual”, una propuesta para orientar a los docentes de nuestro instituto acerca de los posibles usos &#8230; <a title="Actualización e Innovación Educativa" class="read-more" href="https://ieslvf-caba.infd.edu.ar/sitio/actualizacion-e-innovacion-educativa/" aria-label="More on Actualización e Innovación Educativa">[+]</a></p>
