{"id":3544,"date":"2018-12-14T18:32:19","date_gmt":"2018-12-14T21:32:19","guid":{"rendered":"https:\/\/ieslvf-caba.infd.edu.ar\/sitio\/?page_id=3544"},"modified":"2021-09-29T15:43:34","modified_gmt":"2021-09-29T18:43:34","slug":"cef-centro-de-estudios-farncofonos","status":"publish","type":"page","link":"https:\/\/ieslvf-caba.infd.edu.ar\/sitio\/cef-centro-de-estudios-farncofonos\/","title":{"rendered":"CEF &#8211; Centro de Estudios Franc\u00f3fonos"},"content":{"rendered":"<p><img decoding=\"async\" loading=\"lazy\" class=\" wp-image-3545 aligncenter\" src=\"https:\/\/ieslvf-caba.infd.edu.ar\/sitio\/wp-content\/uploads\/2018\/12\/Logo-CEF-elegido-1000x283.jpg\" alt=\"\" width=\"402\" height=\"114\" srcset=\"https:\/\/ieslvf-caba.infd.edu.ar\/sitio\/wp-content\/uploads\/2018\/12\/Logo-CEF-elegido-1000x283.jpg 1000w, https:\/\/ieslvf-caba.infd.edu.ar\/sitio\/wp-content\/uploads\/2018\/12\/Logo-CEF-elegido-768x217.jpg 768w, https:\/\/ieslvf-caba.infd.edu.ar\/sitio\/wp-content\/uploads\/2018\/12\/Logo-CEF-elegido-1900x538.jpg 1900w\" sizes=\"(max-width: 402px) 100vw, 402px\" \/><\/p>\n<p>\u00a0<\/p>\n<p>El <strong>Centro de Estudios Franc\u00f3fonos<\/strong> cuenta con una p\u00e1gina de Facebook que difunde sus actividades, as\u00ed como noticias culturales relacionadas con los universos franc\u00f3fonos.<\/p>\n<p><a href=\"https:\/\/www.facebook.com\/ceflenguas\/\">https:\/\/www.facebook.com\/ceflenguas\/<\/a><\/p>\n<p>Y con un mail de contacto: <a href=\"mailto:ceflenguasvivas@gmail.com\">ceflenguasvivas@gmail.com<\/a><\/p>\n<hr \/>\n<pre style=\"text-align: center;\">Pr\u00f3ximo evento on line<\/pre>\n<p><img decoding=\"async\" loading=\"lazy\" class=\"alignnone size-medium wp-image-7024 aligncenter\" src=\"https:\/\/ieslvf-caba.infd.edu.ar\/sitio\/wp-content\/uploads\/2020\/07\/Cef-tercera-entrevista-02-1000x706.png\" alt=\"\" width=\"1000\" height=\"706\" srcset=\"https:\/\/ieslvf-caba.infd.edu.ar\/sitio\/wp-content\/uploads\/2020\/07\/Cef-tercera-entrevista-02-1000x706.png 1000w, https:\/\/ieslvf-caba.infd.edu.ar\/sitio\/wp-content\/uploads\/2020\/07\/Cef-tercera-entrevista-02-768x542.png 768w, https:\/\/ieslvf-caba.infd.edu.ar\/sitio\/wp-content\/uploads\/2020\/07\/Cef-tercera-entrevista-02.png 1529w\" sizes=\"(max-width: 1000px) 100vw, 1000px\" \/><\/p>\n<p>\u00a0<\/p>\n<hr \/>\n<p>\u00a0<\/p>\n<p><strong>\u00bfC\u00f3mo se define el CEF?\u00a0<\/strong><\/p>\n<p>Es un espacio:<\/p>\n<ul>\n<li>de difusi\u00f3n de la diversidad cultural de los mundos franc\u00f3fonos;<\/li>\n<li>de descubrimiento de un universo m\u00faltiple que no se circunscribe a la Francia metropolitana;<\/li>\n<li>de lectura y reflexi\u00f3n sobre las producciones culturales de los mundos franc\u00f3fonos;<\/li>\n<li>destinado tanto a los estudiantes, egresados y docentes de las carreras del I.E.S en Lenguas Vivas \u201cJ.R. Fern\u00e1ndez\u201d como al p\u00fablico en general.<\/li>\n<\/ul>\n<p>\u00a0<\/p>\n<p><strong>\u00bfCu\u00e1ndo fue creado el CEF?<\/strong><\/p>\n<p>Tras ser aprobado por el Consejo Directivo, el CEF inici\u00f3 sus actividades en agosto de 2018.<\/p>\n<p>\u00a0<\/p>\n<p><strong>Actividades del CEF<\/strong><\/p>\n<p>Apuntando a la mayor diversidad posible en cuanto a tem\u00e1ticas, \u00e9pocas, e invitados, el CEF organiza:<\/p>\n<ul>\n<li>paneles de invitados, autores, traductores, editores, de libros;<\/li>\n<li>conferencias de profesores e investigadores argentinos y extranjeros especializados en temas vinculados a las culturas franc\u00f3fonas<\/li>\n<li>grupos de lectura y de estudio;<\/li>\n<li>rese\u00f1as de textos;<\/li>\n<li>participaci\u00f3n de alumnos en el Congreso de alumnos del Instituto y en distintas instancias del mundo acad\u00e9mico;<\/li>\n<li>elaboraci\u00f3n de audiolibros y conciertos de lectura de cuentos infantiles franc\u00f3fonos para los alumnos de la escuela primaria y los colegios pluriling\u00fces;<\/li>\n<li>actividades art\u00edsticas, tales como conciertos, representaciones de teatro y danza;<\/li>\n<li>festivales de cortometrajes, proyecciones de pel\u00edculas.<\/li>\n<\/ul>\n<p>\u00a0<\/p>\n<p>\u00a0<\/p>\n<p><strong>\u00bfD\u00f3nde funciona?<\/strong><\/p>\n<p>Desde agosto de 2018, el CEF cuenta con un espacio f\u00edsico en la biblioteca franc\u00f3fona del Lenguas Vivas donde dispone de un fondo bibliogr\u00e1fico propio en v\u00edas de expansi\u00f3n.<\/p>\n<p>\u00a0<\/p>\n\n\n<p><\/p>\n","protected":false},"excerpt":{"rendered":"<p>\u00a0 El Centro de Estudios Franc\u00f3fonos cuenta con una p\u00e1gina de Facebook que difunde sus actividades, as\u00ed como noticias culturales relacionadas con los universos franc\u00f3fonos. https:\/\/www.facebook.com\/ceflenguas\/ Y con un mail de contacto: ceflenguasvivas@gmail.com Pr\u00f3ximo evento on line \u00a0 \u00a0 \u00bfC\u00f3mo se define el CEF?\u00a0 Es un espacio: de difusi\u00f3n de la diversidad cultural de los &#8230; <a title=\"CEF &#8211; Centro de Estudios Franc\u00f3fonos\" class=\"read-more\" href=\"https:\/\/ieslvf-caba.infd.edu.ar\/sitio\/cef-centro-de-estudios-farncofonos\/\" aria-label=\"More on CEF &#8211; Centro de Estudios Franc\u00f3fonos\">[+]<\/a><\/p>\n","protected":false},"author":726,"featured_media":0,"parent":0,"menu_order":0,"comment_status":"closed","ping_status":"closed","template":"","meta":[],"acf":[],"_links":{"self":[{"href":"https:\/\/ieslvf-caba.infd.edu.ar\/sitio\/wp-json\/wp\/v2\/pages\/3544"}],"collection":[{"href":"https:\/\/ieslvf-caba.infd.edu.ar\/sitio\/wp-json\/wp\/v2\/pages"}],"about":[{"href":"https:\/\/ieslvf-caba.infd.edu.ar\/sitio\/wp-json\/wp\/v2\/types\/page"}],"author":[{"embeddable":true,"href":"https:\/\/ieslvf-caba.infd.edu.ar\/sitio\/wp-json\/wp\/v2\/users\/726"}],"replies":[{"embeddable":true,"href":"https:\/\/ieslvf-caba.infd.edu.ar\/sitio\/wp-json\/wp\/v2\/comments?post=3544"}],"version-history":[{"count":8,"href":"https:\/\/ieslvf-caba.infd.edu.ar\/sitio\/wp-json\/wp\/v2\/pages\/3544\/revisions"}],"predecessor-version":[{"id":10433,"href":"https:\/\/ieslvf-caba.infd.edu.ar\/sitio\/wp-json\/wp\/v2\/pages\/3544\/revisions\/10433"}],"wp:attachment":[{"href":"https:\/\/ieslvf-caba.infd.edu.ar\/sitio\/wp-json\/wp\/v2\/media?parent=3544"}],"curies":[{"name":"wp","href":"https:\/\/api.w.org\/{rel}","templated":true}]}}