{"id":7839,"date":"2020-09-24T14:55:51","date_gmt":"2020-09-24T17:55:51","guid":{"rendered":"https:\/\/ieslvf-caba.infd.edu.ar\/sitio\/?page_id=7839"},"modified":"2023-06-27T14:37:56","modified_gmt":"2023-06-27T17:37:56","slug":"recursero-esi","status":"publish","type":"page","link":"https:\/\/ieslvf-caba.infd.edu.ar\/sitio\/recursero-esi\/","title":{"rendered":"Materiales Jornadas ESI"},"content":{"rendered":"<h4><span style=\"color: #000080;\">Normativa:<\/span><\/h4>\n<ul>\n<li style=\"list-style-type: none;\">\n<ul>\n<li><span style=\"font-weight: 400;\">1948- Convenci\u00f3n Universal sobre los Derechos Humanos. <\/span><span style=\"font-weight: 400;\">(Internacional) <\/span><a href=\"https:\/\/www.argentina.gob.ar\/sites\/default\/files\/declaracion_universal_derechos_humanos_1.pdf\"><span style=\"font-weight: 400;\">Descargar<\/span><\/a><\/li>\n<\/ul>\n<\/li>\n<\/ul>\n<ul>\n<li style=\"list-style-type: none;\">\n<ul>\n<li><span style=\"font-weight: 400;\">1966- Pacto Internacional de Derechos Civiles y Pol\u00edticos. <\/span><span style=\"font-weight: 400;\">(Internacional) <\/span><a href=\"https:\/\/www.argentina.gob.ar\/sites\/default\/files\/pacto_internacional_de_derechos_civiles_y_politicos_1.pdf\"><span style=\"font-weight: 400;\">Descargar<\/span><\/a><\/li>\n<\/ul>\n<\/li>\n<\/ul>\n<ul>\n<li style=\"list-style-type: none;\">\n<ul>\n<li><span style=\"font-weight: 400;\">1976- Convenci\u00f3n Americana sobre Derechos Humanos. <\/span><span style=\"font-weight: 400;\">(Internacional) <\/span><a href=\"https:\/\/www.argentina.gob.ar\/sites\/default\/files\/acceso_justicia_instrumentos_internacionales_recursos_pacto_int_dcp_0.pdf\"><span style=\"font-weight: 400;\">Descargar<\/span><\/a><\/li>\n<\/ul>\n<\/li>\n<\/ul>\n<ul>\n<li style=\"list-style-type: none;\">\n<ul>\n<li><span style=\"font-weight: 400;\">1985- Convenci\u00f3n sobre la eliminaci\u00f3n de todas las formas de discriminaci\u00f3n contra la mujer. <\/span><span style=\"font-weight: 400;\">(Nacional) <\/span><a href=\"https:\/\/www.argentina.gob.ar\/sites\/default\/files\/ley23179_0.pdf\"><span style=\"font-weight: 400;\">Descargar<\/span><\/a><\/li>\n<\/ul>\n<\/li>\n<\/ul>\n<ul>\n<li style=\"list-style-type: none;\">\n<ul>\n<li><span style=\"font-weight: 400;\">1988- Ley 23592. Penalizaci\u00f3n de actos discriminatorios. <\/span><span style=\"font-weight: 400;\">(Nacional) Descargar<\/span><\/li>\n<\/ul>\n<\/li>\n<\/ul>\n<ul>\n<li style=\"list-style-type: none;\">\n<ul>\n<li><span style=\"font-weight: 400;\">1989- Convenci\u00f3n sobre los Derechos del Ni\u00f1o. <\/span><span style=\"font-weight: 400;\">(Internacional) <\/span><a href=\"https:\/\/www.argentina.gob.ar\/sites\/default\/files\/ar_insumos_mncdn_0.pdf\"><span style=\"font-weight: 400;\">Descargar<\/span><\/a><\/li>\n<\/ul>\n<\/li>\n<\/ul>\n<ul>\n<li style=\"list-style-type: none;\">\n<ul>\n<li><span style=\"font-weight: 400;\">1990- Ley 23849. Convenci\u00f3n de los Derechos de los Ni\u00f1os, Ni\u00f1as y Adolescentes. (Argentina) Descargar<\/span><\/li>\n<\/ul>\n<\/li>\n<\/ul>\n<ul>\n<li style=\"list-style-type: none;\">\n<ul>\n<li><span style=\"font-weight: 400;\">1990- Ley 23798 Ley Nacional de SIDA (Argentina) <\/span><a href=\"https:\/\/www.argentina.gob.ar\/sites\/default\/files\/0000000104cnt-2013-05_ley-nacional-sida_0.pdf\"><span style=\"font-weight: 400;\">Descargar<\/span><\/a><\/li>\n<\/ul>\n<\/li>\n<\/ul>\n<ul>\n<li style=\"list-style-type: none;\">\n<ul>\n<li><span style=\"font-weight: 400;\">1995- Ley 24455. Prestaciones obligatorias de las Obras Sociales (incluye tratamiento VIH-sida). (Argentina) Descargar<\/span><\/li>\n<\/ul>\n<\/li>\n<\/ul>\n<ul>\n<li style=\"list-style-type: none;\">\n<ul>\n<li><span style=\"font-weight: 400;\">1996- Ley 24754. Prestaciones obligatorias de las Prepagas (incluye tratamiento VIH-sida). (Argentina) Descargar<\/span><\/li>\n<\/ul>\n<\/li>\n<\/ul>\n<ul>\n<li style=\"list-style-type: none;\">\n<ul>\n<li><span style=\"font-weight: 400;\">1997- Declaraci\u00f3n Consensual Sobre el Sida en las Escuelas. UNESCO-OMS-OIT. (Internacional) Descargar<\/span><\/li>\n<\/ul>\n<\/li>\n<\/ul>\n<ul>\n<li style=\"list-style-type: none;\">\n<ul>\n<li><span style=\"font-weight: 400;\">1999- Ley 114. Protecci\u00f3n integral de los derechos de ni\u00f1os, ni\u00f1as y adolescentes de la Ciudad de Buenos Aires. <\/span><span style=\"font-weight: 400;\">(CABA) <a href=\"https:\/\/ieslvf-caba.infd.edu.ar\/sitio\/wp-content\/uploads\/2020\/09\/Material-recursero-ESI-Ley-114.-Derechos-NNyA.pdf\" target=\"_blank\" rel=\"noopener\">Descargar<\/a><\/span><\/li>\n<\/ul>\n<\/li>\n<\/ul>\n<ul>\n<li style=\"list-style-type: none;\">\n<ul>\n<li><span style=\"font-weight: 400;\">2000- Ley 25273. R\u00e9gimen de inasistencias para Alumnas Embarazadas. <\/span><span style=\"font-weight: 400;\">(Argentina) <\/span><a href=\"https:\/\/www.argentina.gob.ar\/sites\/default\/files\/ley25273_0.pdf\"><span style=\"font-weight: 400;\">Descargar<\/span><\/a><\/li>\n<\/ul>\n<\/li>\n<\/ul>\n<ul>\n<li style=\"list-style-type: none;\">\n<ul>\n<li><span style=\"font-weight: 400;\">2001- Ley 25543. Obligatoriedad del ofrecimiento del test VIH a toda mujer embarazada. (Argentina) Descargar<\/span><\/li>\n<\/ul>\n<\/li>\n<\/ul>\n<ul>\n<li style=\"list-style-type: none;\">\n<ul>\n<li><span style=\"font-weight: 400;\"><span style=\"color: #000000;\">2002<\/span>&#8211; Ley 25673. Ley Nacional de Salud Sexual y Procreaci\u00f3n Responsable. Creaci\u00f3n del Programa Nacional de Salud Sexual y Procreaci\u00f3n Responsable <\/span><span style=\"font-weight: 400;\">(Argentina) <a href=\"https:\/\/ieslvf-caba.infd.edu.ar\/sitio\/wp-content\/uploads\/2020\/09\/Material-Recursero-ESI-Ley-25.673-Programa-Nacional-de-Salud-Sexual.pdf\" target=\"_blank\" rel=\"noopener\">Descargar<\/a><\/span><\/li>\n<\/ul>\n<\/li>\n<\/ul>\n<ul>\n<li style=\"list-style-type: none;\">\n<ul>\n<li><span style=\"font-weight: 400;\">2003- Modificaci\u00f3n del Art\u00edculo 1\u00ba Ley 25.808. Prohibici\u00f3n en establecimientos de educaci\u00f3n p\u00fablica de impedir la prosecuci\u00f3n normal de los estudios a alumnas embarazadas o madres en periodo de lactancia. <\/span><span style=\"font-weight: 400;\">(Argentina) <\/span><a href=\"https:\/\/www.argentina.gob.ar\/sites\/default\/files\/2003_ley25808_arg_0.pdf\"><span style=\"font-weight: 400;\">Descargar<\/span><\/a><\/li>\n<\/ul>\n<\/li>\n<\/ul>\n<ul>\n<li style=\"list-style-type: none;\">\n<ul>\n<li><span style=\"font-weight: 400;\">2004- Ley 25929. Derechos en el Nacimiento. (Argentina) Descargar<\/span><\/li>\n<\/ul>\n<\/li>\n<\/ul>\n<ul>\n<li style=\"list-style-type: none;\">\n<ul>\n<li><span style=\"font-weight: 400;\">2004- Ley 25871. Ley Nacional de Migraciones. (Argentina) Descargar<\/span><\/li>\n<\/ul>\n<\/li>\n<\/ul>\n<ul>\n<li style=\"list-style-type: none;\">\n<ul>\n<li><span style=\"font-weight: 400;\"><span style=\"color: #000000;\">2005<\/span>&#8211; Ley 13298 (texto Actualizado con las modificaciones introducidas por Ley 13634 y 14537). Ley de la promoci\u00f3n y protecci\u00f3n integral de los derechos de los ni\u00f1os <\/span><span style=\"font-weight: 400;\">(Provincia de Buenos Aires) <a href=\"https:\/\/ieslvf-caba.infd.edu.ar\/sitio\/wp-content\/uploads\/2020\/09\/Material-Recursero-ESI-Ley-13298-LEY-DE-LA-PROMOCI%C3%93N-Y-PROTECCI%C3%93N-INTEGRAL-DE-LOS-DERECHOS-DE-LOS-NI%C3%91OS-Pcia-BA.docx\" target=\"_blank\" rel=\"noopener\">Descargar<\/a><\/span><\/li>\n<\/ul>\n<\/li>\n<\/ul>\n<ul>\n<li style=\"list-style-type: none;\">\n<ul>\n<li><span style=\"font-weight: 400;\"><span style=\"color: #000000;\">2005<\/span>&#8211; Ley 26061 de Protecci\u00f3n Integral de los Derechos de Ni\u00f1os, Ni\u00f1as y Adolescentes. <\/span><span style=\"font-weight: 400;\">(Argentina) <\/span><a href=\"https:\/\/www.argentina.gob.ar\/sites\/default\/files\/ley_de_proteccion_integral_0.pdf\"><span style=\"font-weight: 400;\">Descargar<\/span><\/a><\/li>\n<\/ul>\n<\/li>\n<\/ul>\n<ul>\n<li style=\"list-style-type: none;\">\n<ul>\n<li><span style=\"font-weight: 400;\">2006- Convenci\u00f3n sobre los Derechos de las personas con discapacidad. <\/span><span style=\"font-weight: 400;\">(Internacional) <\/span><a href=\"https:\/\/www.argentina.gob.ar\/sites\/default\/files\/tccconvs_0.pdf\"><span style=\"font-weight: 400;\">Descargar<\/span><\/a><\/li>\n<\/ul>\n<\/li>\n<\/ul>\n<ul>\n<li style=\"list-style-type: none;\">\n<ul>\n<li><span style=\"font-weight: 400;\"><span style=\"color: #000000;\">2006<\/span>&#8211; Ley 26.130 Ley Contracepci\u00f3n Quir\u00fargica (<\/span><span style=\"font-weight: 400;\">Argentina) <a href=\"https:\/\/ieslvf-caba.infd.edu.ar\/sitio\/wp-content\/uploads\/2020\/09\/Material-Recursero-ESI-Ley-26.130-Ley_Contracepci%C3%B3n_Quir%C3%BArgica_Doc.pdf\" target=\"_blank\" rel=\"noopener\">Descargar<\/a><\/span><\/li>\n<\/ul>\n<\/li>\n<\/ul>\n<ul>\n<li style=\"list-style-type: none;\">\n<ul>\n<li><span style=\"font-weight: 400;\"><span style=\"color: #000000;\">2006<\/span>&#8211; Ley 26150 Educaci\u00f3n Sexual Integral. <\/span><span style=\"font-weight: 400;\">(Argentina) <\/span><a href=\"https:\/\/www.argentina.gob.ar\/sites\/default\/files\/ley26150.pdf\"><span style=\"font-weight: 400;\">Descargar<\/span><\/a><\/li>\n<\/ul>\n<\/li>\n<\/ul>\n<ul>\n<li style=\"list-style-type: none;\">\n<ul>\n<li><span style=\"font-weight: 400;\">2006- Ley 26206 de Educaci\u00f3n Nacional. <\/span><span style=\"font-weight: 400;\">(Argentina) <\/span><a href=\"https:\/\/www.argentina.gob.ar\/sites\/default\/files\/ley_de_educ_nac_0.pdf\"><span style=\"font-weight: 400;\">Descargar<\/span><\/a><\/li>\n<\/ul>\n<\/li>\n<\/ul>\n<ul>\n<li style=\"list-style-type: none;\">\n<ul>\n<li><span style=\"font-weight: 400;\"><span style=\"color: #000000;\">2006<\/span>&#8211; Ley 2110 de Educaci\u00f3n Sexual Integral. <\/span><span style=\"font-weight: 400;\">(CABA) <a href=\"https:\/\/ieslvf-caba.infd.edu.ar\/sitio\/wp-content\/uploads\/2020\/09\/Material-recursero-ESI-Ley-2110-ESI-CABA.pdf\" target=\"_blank\" rel=\"noopener\">Descargar<\/a><\/span><\/li>\n<\/ul>\n<\/li>\n<\/ul>\n<ul>\n<li style=\"list-style-type: none;\">\n<ul>\n<li><span style=\"font-weight: 400;\">2008- Ley 26364. Prevenci\u00f3n y Sanci\u00f3n de la Trata de Personas y Asistencia a sus v\u00edctimas. (Argentina) Descargar<\/span><\/li>\n<\/ul>\n<\/li>\n<\/ul>\n<ul>\n<li style=\"list-style-type: none;\">\n<ul>\n<li><span style=\"font-weight: 400;\"><span style=\"color: #000000;\">2009<\/span>&#8211; Ley 26.485 Protecci\u00f3n integral para prevenir, sancionar y erradicar la violencia contra las mujeres en los \u00e1mbitos en que desarrollen sus relaciones interpersonales. <\/span><span style=\"font-weight: 400;\">(Argentina) <a href=\"https:\/\/ieslvf-caba.infd.edu.ar\/sitio\/wp-content\/uploads\/2020\/09\/Material-Recursero-ESI-Ley-26485-Erradicaci%C3%B3n-violencia-contra-las-mujeres.pdf\" target=\"_blank\" rel=\"noopener\">Descargar<\/a><\/span><\/li>\n<\/ul>\n<\/li>\n<\/ul>\n<ul>\n<li style=\"list-style-type: none;\">\n<ul>\n<li><span style=\"font-weight: 400;\">2009- Ley 26522 y Decreto Reglamentario 1225\/2010. Servicios de Comunicaci\u00f3n Audiovisual. (Argentina) Descargar<\/span><\/li>\n<\/ul>\n<\/li>\n<\/ul>\n<ul>\n<li style=\"list-style-type: none;\">\n<ul>\n<li><span style=\"font-weight: 400;\">2009- Ley 26529. Derechos del paciente en su relaci\u00f3n con los profesionales e instituciones de la salud (texto modificado por Ley N\u00ba 26.742\/2012) (Argentina) Descargar<\/span><\/li>\n<\/ul>\n<\/li>\n<\/ul>\n<ul>\n<li style=\"list-style-type: none;\">\n<ul>\n<li><span style=\"font-weight: 400;\">2010- Ley 26618 Matrimonio Igualitario. <\/span><span style=\"font-weight: 400;\">(Argentina) Descargar<\/span><\/li>\n<\/ul>\n<\/li>\n<\/ul>\n<ul>\n<li style=\"list-style-type: none;\">\n<ul>\n<li><span style=\"font-weight: 400;\">2011- Ley 26705. Reforma al C\u00f3digo Penal: Delitos contra la integridad sexual de menores. (Argentina) Descargar<\/span><\/li>\n<\/ul>\n<\/li>\n<\/ul>\n<ul>\n<li style=\"list-style-type: none;\">\n<ul>\n<li><span style=\"font-weight: 400;\"><span style=\"color: #000000;\">2012<\/span>&#8211; Ley 26743 Identidad de g\u00e9nero. <\/span><span style=\"font-weight: 400;\">(Argentina) <\/span><a href=\"https:\/\/www.argentina.gob.ar\/sites\/default\/files\/ley-26.743-identidad-de-genero_0.pdf\"><span style=\"font-weight: 400;\">Descargar<\/span><\/a><\/li>\n<\/ul>\n<\/li>\n<\/ul>\n<ul>\n<li style=\"list-style-type: none;\">\n<ul>\n<li><span style=\"font-weight: 400;\"><span style=\"color: #000000;\">2012<\/span>&#8211; Ley 26842 Trata de personas <\/span><span style=\"font-weight: 400;\">(Argentina) <a href=\"https:\/\/ieslvf-caba.infd.edu.ar\/sitio\/wp-content\/uploads\/2020\/09\/Material-Recursero-ESI-Ley26842-Trata-de-personas.pdf\" target=\"_blank\" rel=\"noopener\">Descargar<\/a><\/span><\/li>\n<\/ul>\n<\/li>\n<\/ul>\n<ul>\n<li style=\"list-style-type: none;\">\n<ul>\n<li><span style=\"font-weight: 400;\">2013- Ley 26904 Incorporaci\u00f3n al C\u00f3digo Penal de la figura de grooming como delito contra la integridad sexual. <\/span><span style=\"font-weight: 400;\">(Argentina) Descargar<\/span><\/li>\n<\/ul>\n<\/li>\n<\/ul>\n<ul>\n<li style=\"list-style-type: none;\">\n<ul>\n<li><span style=\"font-weight: 400;\"><span style=\"color: #000000;\">2015<\/span>&#8211; Ley 27.234 Educar en Igualdad: Prevenci\u00f3n y Erradicaci\u00f3n de la Violencia de G\u00e9nero. <\/span><span style=\"font-weight: 400;\">(Argentina) <a href=\"https:\/\/ieslvf-caba.infd.edu.ar\/sitio\/wp-content\/uploads\/2020\/09\/Material-Recursero-ESI-Ley-27234-Educar-en-igualdad.pdf\" target=\"_blank\" rel=\"noopener\">Descargar<\/a><\/span><\/li>\n<\/ul>\n<\/li>\n<\/ul>\n<ul>\n<li style=\"list-style-type: none;\">\n<ul>\n<li><span style=\"font-weight: 400;\"><span style=\"color: #000000;\">2015<\/span>&#8211; Ley 14744 ESI <\/span><span style=\"font-weight: 400;\">(Provincia de Buenos Aires) <a href=\"https:\/\/ieslvf-caba.infd.edu.ar\/sitio\/wp-content\/uploads\/2020\/09\/Material-Recursero-ESI-Ley-14744-ESI-Pcia-BA.docx\" target=\"_blank\" rel=\"noopener\">Descargar<\/a><\/span><\/li>\n<\/ul>\n<\/li>\n<\/ul>\n<ul>\n<li style=\"list-style-type: none;\">\n<ul>\n<li><span style=\"font-weight: 400;\"><span style=\"color: #000000;\">2019<\/span>&#8211; Ley 27.499 Ley Micaela de Capacitaci\u00f3n Obligatoria en G\u00e9nero para todas las personas que integran los tres Poderes del Estado <\/span><span style=\"font-weight: 400;\">(Argentina) <a href=\"https:\/\/ieslvf-caba.infd.edu.ar\/sitio\/wp-content\/uploads\/2020\/09\/Material-Recursero-ESI-Ley-Ley-27499-Ley-Micaela.docx\" target=\"_blank\" rel=\"noopener\">Descargar<\/a><\/span><\/li>\n<\/ul>\n<\/li>\n<\/ul>\n<ul>\n<li style=\"list-style-type: none;\">\n<ul>\n<li><span style=\"font-weight: 400;\"><span style=\"color: #000000;\">2020<\/span>&#8211; Decreto 721\/2020 Cupo laboral. <\/span>(CABA) <a href=\"https:\/\/ieslvf-caba.infd.edu.ar\/sitio\/wp-content\/uploads\/2020\/09\/Material-Recursero-ESI-Decreto-7212020-Cupo-trans.docx\" target=\"_blank\" rel=\"noopener\">Descargar<\/a><\/li>\n<\/ul>\n<\/li>\n<\/ul>\n<ul>\n<li style=\"list-style-type: none;\">\n<ul>\n<li><span style=\"font-weight: 400;\">Resoluci\u00f3n CFE N\u00ba 322\/2017 <\/span><span style=\"font-weight: 400;\">Aprueba la campa\u00f1a nacional \u00abPrevenci\u00f3n del embarazo no intencional en la adolescencia\u00bb, en el marco del Programa de Educaci\u00f3n Sexual Integral. (Argentina) <\/span><a href=\"https:\/\/www.argentina.gob.ar\/sites\/default\/files\/res-cfe-n-322-17-596786adaaaad.pdf\"><span style=\"font-weight: 400;\">Descargar resoluci\u00f3n<\/span><\/a><\/li>\n<\/ul>\n<\/li>\n<\/ul>\n<ul>\n<li style=\"list-style-type: none;\">\n<ul>\n<li><span style=\"font-weight: 400;\">Resoluci\u00f3n CFE N\u00ba 322\/2017 &#8211; Anexo. <\/span><span style=\"font-weight: 400;\">Dispositivo de formaci\u00f3n para la campa\u00f1a nacional sobre disminuci\u00f3n de \u00abEl embarazo no intencional en la adolescencia: su abordaje desde la escuela secundaria\u00bb (Argentina) <\/span><a href=\"https:\/\/www.argentina.gob.ar\/sites\/default\/files\/anexo-res-cfe-n-322-17-5967864ccbaa3.pdf\"><span style=\"font-weight: 400;\">Descargar anexo<\/span><\/a><\/li>\n<\/ul>\n<\/li>\n<li style=\"list-style-type: none;\">\u00a0\n<ul>\n<li><span style=\"font-weight: 400;\">Resoluci\u00f3n CFE N\u00ba 340\/2018. <\/span><span style=\"font-weight: 400;\">Aprobaci\u00f3n e implementaci\u00f3n de \u00abN\u00facleos de Aprendizaje Prioritarios para Educaci\u00f3n Sexual Integral. (Argentina) <\/span><a href=\"https:\/\/www.argentina.gob.ar\/sites\/default\/files\/res_cfe_340_18_0.pdf\"><span style=\"font-weight: 400;\">Descargar resoluci\u00f3n<\/span><\/a><span style=\"font-weight: 400;\"> \u2013 <\/span><a href=\"https:\/\/www.argentina.gob.ar\/sites\/default\/files\/esi-lineamientos_2018-_web.pdf\"><span style=\"font-weight: 400;\">Descargar<\/span><\/a><span style=\"font-weight: 400;\"> Lineamientos Curriculares para la Educaci\u00f3n Sexual Integral.<\/span><\/li>\n<\/ul>\n<\/li>\n<li style=\"list-style-type: none;\">\u00a0\n<ul>\n<li>2022. Ley Nacional de respuesta integral al VIH, hepatitis virales, otras infecciones de transmisi\u00f3n sexual -ITS- y tuberculosis -TBC- <span style=\"font-size: large;\">Ley 27675 <a href=\"https:\/\/www.boletinoficial.gob.ar\/detalleAviso\/primera\/266657\/20220718\" target=\"_blank\" rel=\"noopener\">Disponible ac\u00e1<\/a><\/span><\/li>\n<\/ul>\n<\/li>\n<li style=\"list-style-type: none;\">\u00a0\n<ul>\n<li>2023. Ley de Creaci\u00f3n del Plan Federal de Capacitaci\u00f3n sobre Derechos de Ni\u00f1os, Ni\u00f1as y Adolescentes Ley 27709. <a href=\"https:\/\/www.argentina.gob.ar\/normativa\/nacional\/ley-27709-383032\" target=\"_blank\" rel=\"noopener\">Disponible ac\u00e1<\/a><\/li>\n<\/ul>\n<\/li>\n<\/ul>\n<h4><span style=\"font-weight: 400;\"><br \/>Videoteca<\/span><\/h4>\n<ul>\n<li style=\"font-weight: 400;\"><span style=\"font-weight: 400;\">Spot publicitario \u201cLey de Identidad de G\u00e9nero\u201d <strong><a href=\"https:\/\/youtu.be\/HLZDKIGNVK4\" target=\"_blank\" rel=\"noopener\">Link al video<\/a><\/strong><\/span><\/li>\n<li>Actividad de Educaci\u00f3n Sexual Integral en el marco de las Jornadas Interinstitucionales de ESI, 28\/10\/2021. <em>Polifon\u00edas: debates sobre lenguaje inclusivo\/no binario. <\/em><a href=\"https:\/\/youtu.be\/TH5EkDk2cT8\" target=\"_blank\" rel=\"noopener\"><strong>Link al video<\/strong><\/a><\/li>\n<\/ul>\n<h4><span style=\"font-weight: 400;\">Filmoteca<\/span><\/h4>\n<p><i><span style=\"font-weight: 400;\">Preciosa<\/span><\/i><span style=\"font-weight: 400;\"> (2009) <\/span><a href=\"https:\/\/www.youtube.com\/watch?v=j1WB0g8GVcY\"><span style=\"font-weight: 400;\">https:\/\/www.youtube.com\/watch?v=j1WB0g8GVcY<\/span><\/a><\/p>\n<p><i><span style=\"font-weight: 400;\">Yo tambi\u00e9n<\/span><\/i><span style=\"font-weight: 400;\"> (2009) https:\/\/drive.google.com\/file\/d\/18Xrl538yudyAM8HXMRSKvwB9NJo1JFUV\/view<\/span><\/p>\n<h4><span style=\"font-weight: 400;\">Materiales<\/span><\/h4>\n<ul>\n<li class=\"gmail_default\">Material proyectado en la Jornadas Interinstitutos de Educaci\u00f3n Sexual Integral, octubre 2022 (<a href=\"https:\/\/ieslvf-caba.infd.edu.ar\/sitio\/wp-content\/uploads\/2023\/03\/Propuesta-de-trabajo_3raJornadaESI.pdf\" target=\"_blank\" rel=\"noopener\">guion de la jornada<\/a>). Esta actividad fue coordinada junto al Instituto de Formaci\u00f3n Docente Dora Acosta: <a href=\"https:\/\/ieslvf-caba.infd.edu.ar\/sitio\/wp-content\/uploads\/2023\/02\/Jornadas-ESI-LV-Dora-Acosta-octubre-2022.pptx.pdf\" target=\"_blank\" rel=\"noopener\">Link al pdf\u00a0<\/a><\/li>\n<li>Material que present\u00f3 el IFD Dora Acosta: <a href=\"https:\/\/docs.google.com\/presentation\/d\/1rTQHh4FPAGF5fIFz2ZfpEl2JfkH17IWN\/edit#slide=id.g16ee6388ad2_0_5\" target=\"_blank\" rel=\"noopener\">link al drive<\/a><\/li>\n<li>Material proyectado en las 1eras Jornadas ESI 2023. Masculinidad\/<wbr \/>masculinidades en tensi\u00f3n. <a href=\"https:\/\/docs.google.com\/presentation\/d\/1tjRCw7Cbo93tKDIRwXsxduybdxY2qIU95B_gkUmQ9aU\/edit?usp=sharing\" target=\"_blank\" rel=\"noopener\">Link al drive<\/a><\/li>\n<\/ul>\n<div class=\"gmail_default\">\u00a0<\/div>\n\n\n<p><\/p>\n","protected":false},"excerpt":{"rendered":"<p>Normativa: 1948- Convenci\u00f3n Universal sobre los Derechos Humanos. (Internacional) Descargar 1966- Pacto Internacional de Derechos Civiles y Pol\u00edticos. (Internacional) Descargar 1976- Convenci\u00f3n Americana sobre Derechos Humanos. (Internacional) Descargar 1985- Convenci\u00f3n sobre la eliminaci\u00f3n de todas las formas de discriminaci\u00f3n contra la mujer. (Nacional) Descargar 1988- Ley 23592. Penalizaci\u00f3n de actos discriminatorios. (Nacional) Descargar 1989- Convenci\u00f3n &#8230; <a title=\"Materiales Jornadas ESI\" class=\"read-more\" href=\"https:\/\/ieslvf-caba.infd.edu.ar\/sitio\/recursero-esi\/\" aria-label=\"More on Materiales Jornadas ESI\">[+]<\/a><\/p>\n","protected":false},"author":726,"featured_media":0,"parent":0,"menu_order":0,"comment_status":"closed","ping_status":"closed","template":"","meta":[],"acf":[],"_links":{"self":[{"href":"https:\/\/ieslvf-caba.infd.edu.ar\/sitio\/wp-json\/wp\/v2\/pages\/7839"}],"collection":[{"href":"https:\/\/ieslvf-caba.infd.edu.ar\/sitio\/wp-json\/wp\/v2\/pages"}],"about":[{"href":"https:\/\/ieslvf-caba.infd.edu.ar\/sitio\/wp-json\/wp\/v2\/types\/page"}],"author":[{"embeddable":true,"href":"https:\/\/ieslvf-caba.infd.edu.ar\/sitio\/wp-json\/wp\/v2\/users\/726"}],"replies":[{"embeddable":true,"href":"https:\/\/ieslvf-caba.infd.edu.ar\/sitio\/wp-json\/wp\/v2\/comments?post=7839"}],"version-history":[{"count":14,"href":"https:\/\/ieslvf-caba.infd.edu.ar\/sitio\/wp-json\/wp\/v2\/pages\/7839\/revisions"}],"predecessor-version":[{"id":15770,"href":"https:\/\/ieslvf-caba.infd.edu.ar\/sitio\/wp-json\/wp\/v2\/pages\/7839\/revisions\/15770"}],"wp:attachment":[{"href":"https:\/\/ieslvf-caba.infd.edu.ar\/sitio\/wp-json\/wp\/v2\/media?parent=7839"}],"curies":[{"name":"wp","href":"https:\/\/api.w.org\/{rel}","templated":true}]}}